{"id":10196,"date":"2020-04-19T22:25:01","date_gmt":"2020-04-19T20:25:01","guid":{"rendered":"http:\/\/zs3.rybnik.pl\/www\/?page_id=10196"},"modified":"2020-05-15T16:14:59","modified_gmt":"2020-05-15T14:14:59","slug":"pielegniarka-szkolna","status":"publish","type":"page","link":"https:\/\/zs3.rybnik.pl\/www\/pielegniarka-szkolna\/","title":{"rendered":"Piel\u0119gniarka szkolna"},"content":{"rendered":"<p><div class='afi-document'><div class='afi-document-icon'><a href='https:\/\/zs3.rybnik.pl\/www\/wp-content\/uploads\/2020\/04\/Piel\u0119gniarka-szkolna-zdalnie-do-swoich-uczni\u00f3w.pdf'><img src='https:\/\/zs3.rybnik.pl\/www\/wp-content\/plugins\/attachment-file-icons\/mime\/pdf-icon.png'\/><\/a><\/div><div class='afi-document-link'><a href=\"https:\/\/zs3.rybnik.pl\/www\/wp-content\/uploads\/2020\/04\/Piel\u0119gniarka-szkolna-zdalnie-do-swoich-uczni\u00f3w.pdf\" target=\"_blank\">Piel\u0119gniarka szkolna zdalnie do swoich uczni\u00f3w<\/a><\/div><\/div><div class='afi-clear'><\/div><\/p>\n<p><div class='afi-document'><div class='afi-document-icon'><a href='https:\/\/zs3.rybnik.pl\/www\/wp-content\/uploads\/2020\/04\/Wyk\u0142ad-1_Zadbaj-o-zdrowie-swoje-i-innych-w-\u015awi\u0119ta-zosta\u0144-w-domu.pdf'><img src='https:\/\/zs3.rybnik.pl\/www\/wp-content\/plugins\/attachment-file-icons\/mime\/pdf-icon.png'\/><\/a><\/div><div class='afi-document-link'><a href=\"https:\/\/zs3.rybnik.pl\/www\/wp-content\/uploads\/2020\/04\/Wyk\u0142ad-1_Zadbaj-o-zdrowie-swoje-i-innych-w-\u015awi\u0119ta-zosta\u0144-w-domu.pdf\" target=\"_blank\">Wyk\u0142ad 1_Zadbaj o zdrowie swoje i innych &#8211; w \u015awi\u0119ta zosta\u0144 w domu<\/a><\/div><\/div><div class='afi-clear'><\/div><\/p>\n<p><div class='afi-document'><div class='afi-document-icon'><a href='https:\/\/zs3.rybnik.pl\/www\/wp-content\/uploads\/2020\/04\/Obowi\u0105zek-zakrywania-ust-i-nosa.pdf'><img src='https:\/\/zs3.rybnik.pl\/www\/wp-content\/plugins\/attachment-file-icons\/mime\/pdf-icon.png'\/><\/a><\/div><div class='afi-document-link'><a href=\"https:\/\/zs3.rybnik.pl\/www\/wp-content\/uploads\/2020\/04\/Obowi\u0105zek-zakrywania-ust-i-nosa.pdf\" target=\"_blank\">Obowi\u0105zek zakrywania ust i nosa<\/a><\/div><\/div><div class='afi-clear'><\/div><\/p>\n<p><div class='afi-document'><div class='afi-document-icon'><a href='https:\/\/zs3.rybnik.pl\/www\/wp-content\/uploads\/2020\/04\/JAK-BEZPIECZNIE-CIESZY\u0106-SI\u0118-PRZYROD\u0104-.pdf'><img src='https:\/\/zs3.rybnik.pl\/www\/wp-content\/plugins\/attachment-file-icons\/mime\/pdf-icon.png'\/><\/a><\/div><div class='afi-document-link'><a href=\"https:\/\/zs3.rybnik.pl\/www\/wp-content\/uploads\/2020\/04\/JAK-BEZPIECZNIE-CIESZY\u0106-SI\u0118-PRZYROD\u0104-.pdf\" target=\"_blank\">Jak bezpiecznie cieszy\u0107 si\u0119 przyrod\u0105<\/a><\/div><\/div><div class='afi-clear'><\/div><\/p>\n<p><div class='afi-document'><div class='afi-document-icon'><a href='https:\/\/zs3.rybnik.pl\/www\/wp-content\/uploads\/2020\/04\/konkurs-ZS3.pdf'><img src='https:\/\/zs3.rybnik.pl\/www\/wp-content\/plugins\/attachment-file-icons\/mime\/pdf-icon.png'\/><\/a><\/div><div class='afi-document-link'><a href=\"https:\/\/zs3.rybnik.pl\/www\/wp-content\/uploads\/2020\/04\/konkurs-ZS3.pdf\" target=\"_blank\">&#8222;Moja piel\u0119gniarka&#8221; &#8211; konkurs dla uczni\u00f3w SP<\/a><\/div><\/div><div class='afi-clear'><\/div><\/p>\n<p><div class='afi-document'><div class='afi-document-icon'><a href='https:\/\/zs3.rybnik.pl\/www\/wp-content\/uploads\/2020\/04\/artyku\u0142-ZS-3_dzie\u0144-piel\u0119gniarki.pdf'><img src='https:\/\/zs3.rybnik.pl\/www\/wp-content\/plugins\/attachment-file-icons\/mime\/pdf-icon.png'\/><\/a><\/div><div class='afi-document-link'><a href=\"https:\/\/zs3.rybnik.pl\/www\/wp-content\/uploads\/2020\/04\/artyku\u0142-ZS-3_dzie\u0144-piel\u0119gniarki.pdf\" target=\"_blank\">Mi\u0119dzynarodowy Dzie\u0144 Piel\u0119gniarki<\/a><\/div><\/div><div class='afi-clear'><\/div><\/p>\n","protected":false},"excerpt":{"rendered":"<p>Piel\u0119gniarka szkolna zdalnie do swoich uczni\u00f3w Wyk\u0142ad 1_Zadbaj o zdrowie swoje i innych &#8211; w \u015awi\u0119ta zosta\u0144 w domu Obowi\u0105zek zakrywania ust i nosa Jak bezpiecznie cieszy\u0107 si\u0119 przyrod\u0105 &#8222;Moja piel\u0119gniarka&#8221; &#8211; konkurs dla uczni\u00f3w SP Mi\u0119dzynarodowy Dzie\u0144 Piel\u0119gniarki<\/p>\n","protected":false},"author":7,"featured_media":0,"parent":0,"menu_order":0,"comment_status":"closed","ping_status":"closed","template":"","meta":{"ngg_post_thumbnail":0},"_links":{"self":[{"href":"https:\/\/zs3.rybnik.pl\/www\/wp-json\/wp\/v2\/pages\/10196"}],"collection":[{"href":"https:\/\/zs3.rybnik.pl\/www\/wp-json\/wp\/v2\/pages"}],"about":[{"href":"https:\/\/zs3.rybnik.pl\/www\/wp-json\/wp\/v2\/types\/page"}],"author":[{"embeddable":true,"href":"https:\/\/zs3.rybnik.pl\/www\/wp-json\/wp\/v2\/users\/7"}],"replies":[{"embeddable":true,"href":"https:\/\/zs3.rybnik.pl\/www\/wp-json\/wp\/v2\/comments?post=10196"}],"version-history":[{"count":5,"href":"https:\/\/zs3.rybnik.pl\/www\/wp-json\/wp\/v2\/pages\/10196\/revisions"}],"predecessor-version":[{"id":10337,"href":"https:\/\/zs3.rybnik.pl\/www\/wp-json\/wp\/v2\/pages\/10196\/revisions\/10337"}],"wp:attachment":[{"href":"https:\/\/zs3.rybnik.pl\/www\/wp-json\/wp\/v2\/media?parent=10196"}],"curies":[{"name":"wp","href":"https:\/\/api.w.org\/{rel}","templated":true}]}}