{"id":11928,"date":"2021-06-20T22:36:13","date_gmt":"2021-06-20T20:36:13","guid":{"rendered":"https:\/\/zs3.rybnik.pl\/www\/?page_id=11928"},"modified":"2021-06-20T22:36:14","modified_gmt":"2021-06-20T20:36:14","slug":"informacje-covid-19","status":"publish","type":"page","link":"https:\/\/zs3.rybnik.pl\/www\/informacje-covid-19\/","title":{"rendered":"Informacje COVID-19"},"content":{"rendered":"\n<p><a rel=\"noreferrer noopener\" href=\"https:\/\/www.gov.pl\/web\/edukacja-i-nauka\/szczepienia-uczniow-w-wieku-12-18-lat--informacje-dla-szkol-i-placowek\" target=\"_blank\">Szczepienia uczni\u00f3w w wieku 12-18 lat \u2013 informacje dla szk\u00f3\u0142 i plac\u00f3wek<\/a><\/p>\n\n\n\n<div class=\"wp-block-file\"><div class='afi-document'><div class='afi-document-icon'><a href='https:\/\/zs3.rybnik.pl\/www\/wp-content\/uploads\/2021\/06\/SZCZEPIENIA-UCZNIOW-W-WIEKU-12-18-LAT-INFROMACJE-DLA-SZKOL-I-PLACOWEK.pdf'><img src='https:\/\/zs3.rybnik.pl\/www\/wp-content\/plugins\/attachment-file-icons\/mime\/pdf-icon.png'\/><\/a><\/div><div class='afi-document-link'><a href=\"https:\/\/zs3.rybnik.pl\/www\/wp-content\/uploads\/2021\/06\/SZCZEPIENIA-UCZNIOW-W-WIEKU-12-18-LAT-INFROMACJE-DLA-SZKOL-I-PLACOWEK.pdf\" target=\"_blank\" rel=\"noreferrer noopener\">PLAKAT SZCZEPIENIA UCZNI\u00d3W W WIEKU 12-18 LAT &#8211; INFORMACJE DLA SZK\u00d3\u0141 I PLAC\u00d3WEK<\/a><\/div><\/div><div class='afi-clear'><\/div><\/div>\n\n\n\n<div class=\"wp-block-file\"><div class='afi-document'><div class='afi-document-icon'><a href='https:\/\/zs3.rybnik.pl\/www\/wp-content\/uploads\/2021\/06\/SZCZEPIENIA-UCZNIOW-W-WIEKU-12-18-LAT-REKOMENDACJE-DLA-RODZICOW.pdf'><img src='https:\/\/zs3.rybnik.pl\/www\/wp-content\/plugins\/attachment-file-icons\/mime\/pdf-icon.png'\/><\/a><\/div><div class='afi-document-link'><a href=\"https:\/\/zs3.rybnik.pl\/www\/wp-content\/uploads\/2021\/06\/SZCZEPIENIA-UCZNIOW-W-WIEKU-12-18-LAT-REKOMENDACJE-DLA-RODZICOW.pdf\" target=\"_blank\" rel=\"noreferrer noopener\">PLAKAT SZCZEPIENIA UCZNI\u00d3W W WIEKU 12-18 LAT &#8211; REKOMENDACJE DLA RODZIC\u00d3W<\/a><\/div><\/div><div class='afi-clear'><\/div><\/div>\n","protected":false},"excerpt":{"rendered":"<p>Szczepienia uczni\u00f3w w wieku 12-18 lat \u2013 informacje dla szk\u00f3\u0142 i plac\u00f3wek<\/p>\n","protected":false},"author":7,"featured_media":0,"parent":0,"menu_order":0,"comment_status":"closed","ping_status":"closed","template":"","meta":{"ngg_post_thumbnail":0},"_links":{"self":[{"href":"https:\/\/zs3.rybnik.pl\/www\/wp-json\/wp\/v2\/pages\/11928"}],"collection":[{"href":"https:\/\/zs3.rybnik.pl\/www\/wp-json\/wp\/v2\/pages"}],"about":[{"href":"https:\/\/zs3.rybnik.pl\/www\/wp-json\/wp\/v2\/types\/page"}],"author":[{"embeddable":true,"href":"https:\/\/zs3.rybnik.pl\/www\/wp-json\/wp\/v2\/users\/7"}],"replies":[{"embeddable":true,"href":"https:\/\/zs3.rybnik.pl\/www\/wp-json\/wp\/v2\/comments?post=11928"}],"version-history":[{"count":2,"href":"https:\/\/zs3.rybnik.pl\/www\/wp-json\/wp\/v2\/pages\/11928\/revisions"}],"predecessor-version":[{"id":11932,"href":"https:\/\/zs3.rybnik.pl\/www\/wp-json\/wp\/v2\/pages\/11928\/revisions\/11932"}],"wp:attachment":[{"href":"https:\/\/zs3.rybnik.pl\/www\/wp-json\/wp\/v2\/media?parent=11928"}],"curies":[{"name":"wp","href":"https:\/\/api.w.org\/{rel}","templated":true}]}}

<p><a rel="noreferrer noopener" href="https://www.gov.pl/web/edukacja-i-nauka/szczepienia-uczniow-w-wieku-12-18-lat--informacje-dla-szkol-i-placowek" target="_blank">Szczepienia uczniów w wieku 12-18 lat – informacje dla szkół i placówek</a></p>



<div class="wp-block-file"><div class='afi-document'><div class='afi-document-icon'><a href='https://zs3.rybnik.pl/www/wp-content/uploads/2021/06/SZCZEPIENIA-UCZNIOW-W-WIEKU-12-18-LAT-INFROMACJE-DLA-SZKOL-I-PLACOWEK.pdf'><img src='https://zs3.rybnik.pl/www/wp-content/plugins/attachment-file-icons/mime/pdf-icon.png'/></a></div><div class='afi-document-link'><a href="https://zs3.rybnik.pl/www/wp-content/uploads/2021/06/SZCZEPIENIA-UCZNIOW-W-WIEKU-12-18-LAT-INFROMACJE-DLA-SZKOL-I-PLACOWEK.pdf" target="_blank" rel="noreferrer noopener">PLAKAT SZCZEPIENIA UCZNIÓW W WIEKU 12-18 LAT &#8211; INFORMACJE DLA SZKÓŁ I PLACÓWEK</a></div></div><div class='afi-clear'></div></div>



<div class="wp-block-file"><div class='afi-document'><div class='afi-document-icon'><a href='https://zs3.rybnik.pl/www/wp-content/uploads/2021/06/SZCZEPIENIA-UCZNIOW-W-WIEKU-12-18-LAT-REKOMENDACJE-DLA-RODZICOW.pdf'><img src='https://zs3.rybnik.pl/www/wp-content/plugins/attachment-file-icons/mime/pdf-icon.png'/></a></div><div class='afi-document-link'><a href="https://zs3.rybnik.pl/www/wp-content/uploads/2021/06/SZCZEPIENIA-UCZNIOW-W-WIEKU-12-18-LAT-REKOMENDACJE-DLA-RODZICOW.pdf" target="_blank" rel="noreferrer noopener">PLAKAT SZCZEPIENIA UCZNIÓW W WIEKU 12-18 LAT &#8211; REKOMENDACJE DLA RODZICÓW</a></div></div><div class='afi-clear'></div></div>

<p>Szczepienia uczniów w wieku 12-18 lat – informacje dla szkół i placówek</p>
