{"id":1510,"date":"2017-10-26T21:45:52","date_gmt":"2017-10-26T19:45:52","guid":{"rendered":"http:\/\/zs3.rybnik.pl\/www\/?page_id=1510"},"modified":"2017-10-26T21:50:04","modified_gmt":"2017-10-26T19:50:04","slug":"pracownia-geograficzna","status":"publish","type":"page","link":"https:\/\/zs3.rybnik.pl\/www\/pracownia-geograficzna\/","title":{"rendered":"Pracownia geograficzna"},"content":{"rendered":"<p style=\"text-align: justify;\"><em>&nbsp;\u201eHoryzont ca\u0142y czas si\u0119 rozszerza, o ile tylko cz\u0142owiek nie zamknie si\u0119 w pude\u0142ku i nie przyjmie schematu, \u017ce tym, tym i jeszcze tamtym nie warto si\u0119 interesowa\u0107, bo nic z tego nie wynika. Oczywi\u015bcie nie wszystkim warto si\u0119 interesowa\u0107, ale warto poznawa\u0107 ten \u015bwiat\u201d.<\/em><\/p>\n<p style=\"text-align: justify;\"><em>~Marek Kami\u0144ski<\/em><\/p>\n<p style=\"text-align: justify;\">Pracowania geograficzna zosta\u0142a wyremontowana w 2015r.<\/p>\n<p style=\"text-align: justify;\">Wyposa\u017cona jest w komputer z dost\u0119pem do Internetu i projektor multimedialny oraz liczne pomoce dydaktyczne, w tym m.in.: filmy edukacyjne, plansze interaktywne, atlasy geograficzne, globusy, globus indukcyjny, mapy, profile glebowe, s\u0142owniki geograficzne, encyklopedie. W dodatku dysponujemy spor\u0105 kolekcj\u0105 minera\u0142\u00f3w i ska\u0142. Cz\u0119\u015b\u0107 okaz\u00f3w zosta\u0142a zgromadzona przez nauczycieli i uczni\u00f3w.<\/p>\n<p style=\"text-align: justify;\">W celu u\u0142atwienia uczniom \u201epodr\u00f3\u017cowania\u201d po r\u00f3\u017cnych zak\u0105tkach \u015bwiata, na tylnej \u015bcianie namalowana zosta\u0142a wielobarwna mapa polityczna \u015bwiata. Ponadto w pracowni umieszczono zegary ukazuj\u0105ce aktualny czas miejscowy w Nowym Jorku, Londynie, Moskwie i Tokio. Wystr\u00f3j pracowni nawi\u0105zuje tak\u017ce do tematyki g\u00f3r wysokich i himalaizmu. Znajduj\u0105 si\u0119 tu informacje o Jerzym Kukuczce &#8211; naszym patronie, oraz zdj\u0119cia najpi\u0119kniejszych \u0142a\u0144cuch\u00f3w g\u00f3rskich \u015bwiata.<\/p>\n<p><img loading=\"lazy\" class=\" wp-image-1512\" src=\"https:\/\/zs3.rybnik.pl\/www\/wp-content\/uploads\/2017\/10\/1.jpg\" alt=\"OLYMPUS DIGITAL CAMERA\" width=\"550\" height=\"362\" srcset=\"https:\/\/zs3.rybnik.pl\/www\/wp-content\/uploads\/2017\/10\/1.jpg 800w, https:\/\/zs3.rybnik.pl\/www\/wp-content\/uploads\/2017\/10\/1-300x197.jpg 300w, https:\/\/zs3.rybnik.pl\/www\/wp-content\/uploads\/2017\/10\/1-768x505.jpg 768w, https:\/\/zs3.rybnik.pl\/www\/wp-content\/uploads\/2017\/10\/1-159x105.jpg 159w\" sizes=\"(max-width: 550px) 100vw, 550px\" \/><\/p>\n<p><img loading=\"lazy\" class=\" wp-image-1513\" src=\"https:\/\/zs3.rybnik.pl\/www\/wp-content\/uploads\/2017\/10\/2.jpg\" alt=\"OLYMPUS DIGITAL CAMERA\" width=\"552\" height=\"368\" srcset=\"https:\/\/zs3.rybnik.pl\/www\/wp-content\/uploads\/2017\/10\/2.jpg 800w, https:\/\/zs3.rybnik.pl\/www\/wp-content\/uploads\/2017\/10\/2-300x200.jpg 300w, https:\/\/zs3.rybnik.pl\/www\/wp-content\/uploads\/2017\/10\/2-768x512.jpg 768w, https:\/\/zs3.rybnik.pl\/www\/wp-content\/uploads\/2017\/10\/2-159x106.jpg 159w\" sizes=\"(max-width: 552px) 100vw, 552px\" \/><\/p>\n<p><img loading=\"lazy\" class=\" wp-image-1514\" src=\"https:\/\/zs3.rybnik.pl\/www\/wp-content\/uploads\/2017\/10\/3.jpg\" alt=\"OLYMPUS DIGITAL CAMERA\" width=\"549\" height=\"823\" srcset=\"https:\/\/zs3.rybnik.pl\/www\/wp-content\/uploads\/2017\/10\/3.jpg 800w, https:\/\/zs3.rybnik.pl\/www\/wp-content\/uploads\/2017\/10\/3-200x300.jpg 200w, https:\/\/zs3.rybnik.pl\/www\/wp-content\/uploads\/2017\/10\/3-768x1151.jpg 768w, https:\/\/zs3.rybnik.pl\/www\/wp-content\/uploads\/2017\/10\/3-683x1024.jpg 683w, https:\/\/zs3.rybnik.pl\/www\/wp-content\/uploads\/2017\/10\/3-106x159.jpg 106w\" sizes=\"(max-width: 549px) 100vw, 549px\" \/><\/p>\n<p><img loading=\"lazy\" class=\" wp-image-1515\" src=\"https:\/\/zs3.rybnik.pl\/www\/wp-content\/uploads\/2017\/10\/4.jpg\" alt=\"OLYMPUS DIGITAL CAMERA\" width=\"552\" height=\"368\" srcset=\"https:\/\/zs3.rybnik.pl\/www\/wp-content\/uploads\/2017\/10\/4.jpg 800w, https:\/\/zs3.rybnik.pl\/www\/wp-content\/uploads\/2017\/10\/4-300x200.jpg 300w, https:\/\/zs3.rybnik.pl\/www\/wp-content\/uploads\/2017\/10\/4-768x512.jpg 768w, https:\/\/zs3.rybnik.pl\/www\/wp-content\/uploads\/2017\/10\/4-159x106.jpg 159w\" sizes=\"(max-width: 552px) 100vw, 552px\" \/><\/p>\n","protected":false},"excerpt":{"rendered":"<p>&nbsp;\u201eHoryzont ca\u0142y czas si\u0119 rozszerza, o ile tylko cz\u0142owiek nie zamknie si\u0119 w pude\u0142ku i nie przyjmie schematu, \u017ce tym, tym i jeszcze tamtym nie warto si\u0119 interesowa\u0107, bo nic z tego nie wynika. Oczywi\u015bcie nie wszystkim warto si\u0119 interesowa\u0107, [&hellip;]<\/p>\n","protected":false},"author":1,"featured_media":0,"parent":0,"menu_order":0,"comment_status":"closed","ping_status":"closed","template":"","meta":{"ngg_post_thumbnail":0},"_links":{"self":[{"href":"https:\/\/zs3.rybnik.pl\/www\/wp-json\/wp\/v2\/pages\/1510"}],"collection":[{"href":"https:\/\/zs3.rybnik.pl\/www\/wp-json\/wp\/v2\/pages"}],"about":[{"href":"https:\/\/zs3.rybnik.pl\/www\/wp-json\/wp\/v2\/types\/page"}],"author":[{"embeddable":true,"href":"https:\/\/zs3.rybnik.pl\/www\/wp-json\/wp\/v2\/users\/1"}],"replies":[{"embeddable":true,"href":"https:\/\/zs3.rybnik.pl\/www\/wp-json\/wp\/v2\/comments?post=1510"}],"version-history":[{"count":9,"href":"https:\/\/zs3.rybnik.pl\/www\/wp-json\/wp\/v2\/pages\/1510\/revisions"}],"predecessor-version":[{"id":1524,"href":"https:\/\/zs3.rybnik.pl\/www\/wp-json\/wp\/v2\/pages\/1510\/revisions\/1524"}],"wp:attachment":[{"href":"https:\/\/zs3.rybnik.pl\/www\/wp-json\/wp\/v2\/media?parent=1510"}],"curies":[{"name":"wp","href":"https:\/\/api.w.org\/{rel}","templated":true}]}}