{"id":1584,"date":"2018-01-19T19:52:34","date_gmt":"2018-01-19T18:52:34","guid":{"rendered":"http:\/\/zs3.rybnik.pl\/www\/?page_id=1584"},"modified":"2018-02-21T12:01:06","modified_gmt":"2018-02-21T11:01:06","slug":"informacje-ogolne-o-projekcie","status":"publish","type":"page","link":"https:\/\/zs3.rybnik.pl\/www\/informacje-ogolne-o-projekcie\/","title":{"rendered":"Informacje og\u00f3lne o projekcie"},"content":{"rendered":"<p style=\"text-align: justify;\">Od 1 wrze\u015bnia 2017 roku nasza szko\u0142a&nbsp; rozpocznie realizacj\u0119 dwuletniego projektu w ramach programu <strong>Erasmus Plus <\/strong>w sektorze Edukacja Szkolna. Jest on skierowany do uczni\u00f3w klas drugich i trzecich gimnazjum oraz nauczycieli. Projekt zatytu\u0142owany <strong>\u201eInnowacyjne metody nauczania przedmiot\u00f3w przyrodniczych\u201d<\/strong> b\u0119dzie obejmowa\u0142 wsp\u00f3\u0142prac\u0119 z hiszpa\u0144sk\u0105 szko\u0142\u0105&nbsp; La Salle La Estrella&nbsp; po\u0142o\u017con\u0105 w miasteczku San Asensio w samym sercu regionu La Rioja. Jest to niewielka szko\u0142a prywatna o profilu og\u00f3lnokszta\u0142c\u0105co \u2013 zawodowym ukierunkowanym na upraw\u0119 winoro\u015bli i hodowl\u0119 zwierz\u0105t. Szko\u0142a liczy 100 uczni\u00f3w w wieku 12- 16 lat i zatrudnia 12 nauczycieli. <!--more--><\/p>\n<p style=\"text-align: justify;\"><u>G\u0142\u00f3wnym celem projektu jest<\/u> stworzenie innowacyjnego programu nauczania przedmiot\u00f3w przyrodniczych i poprzez jego wdro\u017cenie poprawa wynik\u00f3w nauczania i&nbsp; wykszta\u0142cenie w\u015br\u00f3d uczni\u00f3w zdrowych nawyk\u00f3w \u017cywieniowych,, w tym wp\u0142ywu \u017cywienia na zapobieganie chorobom nowotworowym. Wsp\u00f3lnie chcemy pokaza\u0107 uczniom, w jaki spos\u00f3b obliczy\u0107 bilans energetyczny dziennej dawki spo\u017cycia produkt\u00f3w, jak stworzy\u0107 zdrowy jad\u0142ospis zawieraj\u0105cy wszystkie niezb\u0119dne elementy z uwzgl\u0119dnieniem nawyk\u00f3w \u017cywieniowych Polski i Hiszpanii. Projekt ten pozwoli podnie\u015b\u0107 kompetencje uczni\u00f3w naszych szk\u00f3\u0142 z zakresu przedmiot\u00f3w przyrodniczych oraz j\u0119zyk\u00f3w obcych, co zaowocuje lepszymi wynikami na egzaminach zewn\u0119trznych. Wymiana uczniowska wzbogaci s\u0142ownictwo, sprawi, \u017ce m\u0142odzie\u017c b\u0119dzie mia\u0142a kontakt z \u017cywym j\u0119zykiem w codziennych sytuacjach, b\u0119dzie mia\u0142a okazj\u0119 zaznajomi\u0107 si\u0119 z kultur\u0105 i zwyczajami kraj\u00f3w partnerskich. Celem projektu jest r\u00f3wnie\u017c poszerzenie umiej\u0119tno\u015bci interpersonalnych, w tym pracy w zespole, zarz\u0105dzania czasem, korzystania z r\u00f3\u017cnorodnych technik informacyjnych.<\/p>\n<p style=\"text-align: justify;\">Dzia\u0142ania projektowe obejmuj\u0105 r\u00f3wnie\u017c <u>tygodniowe wymiany uczniowskie,<\/u> dwie w Hiszpanii i dwie w Polsce. Pierwsza z nich to wyjazd 8 uczni\u00f3w do szko\u0142y hiszpa\u0144skiej w listopadzie 2017 roku.<\/p>\n<p style=\"text-align: justify;\">Wszyscy uczniowie maj\u0105 r\u00f3wne szanse i mog\u0105 wzi\u0105\u0107 udzia\u0142 w rekrutacji, jaka zostanie przeprowadzona w\u015br\u00f3d ch\u0119tnych przed wizyt\u0105. Szczeg\u00f3\u0142y b\u0119d\u0105 podane na zebraniach z rodzicami oraz zamieszczane na stronie internetowej szko\u0142y i tablicach informacyjnych.<\/p>\n<p style=\"text-align: justify;\">Podczas rekrutacji b\u0119d\u0105 brane pod uwag\u0119 nast\u0119puj\u0105ce kryteria:<\/p>\n<p style=\"text-align: justify;\">&#8211; uczniowie musz\u0105 bra\u0107 czynny udzia\u0142 w realizacji dzia\u0142a\u0144 projektowych<\/p>\n<p style=\"text-align: justify;\">&#8211; uczniowie musz\u0105 wykaza\u0107 si\u0119 podstawow\u0105 znajomo\u015bci\u0105 j\u0119zyka angielskiego, umo\u017cliwiaj\u0105c\u0105 codzienn\u0105 komunikacj\u0119<\/p>\n<p style=\"text-align: justify;\">&#8211; uczniowie powinni wykazywa\u0107 zainteresowanie kultur\u0105 innego kraju i wykazywa\u0107 gotowo\u015b\u0107 do zintegrowania sie z nowym \u015brodowiskiem w kraju goszcz\u0105cym&nbsp;<\/p>\n<p style=\"text-align: justify;\">&#8211; uczniowie powinni d\u0105\u017cy\u0107 do rozwijania w\u0142asnych umiej\u0119tno\u015bci, by\u0107 aktywnym i identyfikowa\u0107 sie z celami i zasadami programu, wykazywa\u0107 ch\u0119\u0107 pracy w grupie<\/p>\n<p style=\"text-align: justify;\">&#8211; uczniowie powinni przestrzega\u0107 norm i zasad dobrego zachowania.<\/p>\n<p style=\"text-align: justify;\">Poszczeg\u00f3lne kryteria rekrutacji b\u0119d\u0105 sprawdzane w nast\u0119puj\u0105cy spos\u00f3b:<\/p>\n<p style=\"text-align: justify;\">&#8211; konkurs z j. angielskiego przeprowadzony na podstawie wcze\u015bniej przekazanych materia\u0142\u00f3w i przeprowadzony w formie ustnej,<\/p>\n<p style=\"text-align: justify;\">&#8211; konkurs wiedzy o Hiszpanii na podstawie materia\u0142\u00f3w dostarczonych przez szko\u0142\u0119 partnersk\u0105 i zaprezentowanych wcze\u015bniej uczniom,<\/p>\n<p style=\"text-align: justify;\">&#8211; zebranie opinii o uczniach od rodzic\u00f3w, wychowawc\u00f3w i pedagoga szkolnego<\/p>\n<p style=\"text-align: justify;\"><strong>Joanna Kozaczuk<\/strong><\/p>\n<p style=\"text-align: justify;\"><strong>Adrianna Pukowiec<\/strong><\/p>\n<p style=\"text-align: justify;\"><strong>Jagoda Kozie\u0142<\/strong><\/p>\n<p style=\"text-align: justify;\"><img loading=\"lazy\" class=\"alignnone size-medium wp-image-1604\" src=\"https:\/\/zs3.rybnik.pl\/www\/wp-content\/uploads\/2018\/01\/estrella-300x220.jpg\" alt=\"\" width=\"300\" height=\"220\" srcset=\"https:\/\/zs3.rybnik.pl\/www\/wp-content\/uploads\/2018\/01\/estrella-300x220.jpg 300w, https:\/\/zs3.rybnik.pl\/www\/wp-content\/uploads\/2018\/01\/estrella-159x117.jpg 159w, https:\/\/zs3.rybnik.pl\/www\/wp-content\/uploads\/2018\/01\/estrella.jpg 575w\" sizes=\"(max-width: 300px) 100vw, 300px\" \/><img loading=\"lazy\" class=\"alignnone size-medium wp-image-1605\" src=\"https:\/\/zs3.rybnik.pl\/www\/wp-content\/uploads\/2018\/01\/samasensio-300x182.jpg\" alt=\"samasensio\" width=\"300\" height=\"182\" srcset=\"https:\/\/zs3.rybnik.pl\/www\/wp-content\/uploads\/2018\/01\/samasensio-300x182.jpg 300w, https:\/\/zs3.rybnik.pl\/www\/wp-content\/uploads\/2018\/01\/samasensio-768x466.jpg 768w, https:\/\/zs3.rybnik.pl\/www\/wp-content\/uploads\/2018\/01\/samasensio-159x96.jpg 159w, https:\/\/zs3.rybnik.pl\/www\/wp-content\/uploads\/2018\/01\/samasensio.jpg 900w\" sizes=\"(max-width: 300px) 100vw, 300px\" \/><\/p>\n<p style=\"text-align: justify;\"><span style=\"text-decoration: underline;\"><div class='afi-document'><div class='afi-document-icon'><a href='https:\/\/zs3.rybnik.pl\/www\/wp-content\/uploads\/2018\/01\/Prezentacja-Erasmus_plus_2017.pdf'><img src='https:\/\/zs3.rybnik.pl\/www\/wp-content\/plugins\/attachment-file-icons\/mime\/pdf-icon.png'\/><\/a><\/div><div class='afi-document-link'><a href=\"https:\/\/zs3.rybnik.pl\/www\/wp-content\/uploads\/2018\/01\/Prezentacja-Erasmus_plus_2017.pdf\">Prezentacja&nbsp;<\/a><\/div><\/div><div class='afi-clear'><\/div><\/span><\/p>\n<p style=\"text-align: justify;\"><div class='afi-document'><div class='afi-document-icon'><a href='https:\/\/zs3.rybnik.pl\/www\/wp-content\/uploads\/2018\/01\/Program_Erasmus_plusulotka.pdf'><img src='https:\/\/zs3.rybnik.pl\/www\/wp-content\/plugins\/attachment-file-icons\/mime\/pdf-icon.png'\/><\/a><\/div><div class='afi-document-link'><a href=\"https:\/\/zs3.rybnik.pl\/www\/wp-content\/uploads\/2018\/01\/Program_Erasmus_plusulotka.pdf\">Ulotka <\/a><\/div><\/div><div class='afi-clear'><\/div><\/p>\n<p style=\"text-align: justify;\"><div class='afi-document'><div class='afi-document-icon'><a href='https:\/\/zs3.rybnik.pl\/www\/wp-content\/uploads\/2018\/01\/REGULAMIN_erasmus_plus.pdf'><img src='https:\/\/zs3.rybnik.pl\/www\/wp-content\/plugins\/attachment-file-icons\/mime\/pdf-icon.png'\/><\/a><\/div><div class='afi-document-link'><a href=\"https:\/\/zs3.rybnik.pl\/www\/wp-content\/uploads\/2018\/01\/REGULAMIN_erasmus_plus.pdf\">Regulamin <\/a><\/div><\/div><div class='afi-clear'><\/div><\/p>\n","protected":false},"excerpt":{"rendered":"<p>Od 1 wrze\u015bnia 2017 roku nasza szko\u0142a&nbsp; rozpocznie realizacj\u0119 dwuletniego projektu w ramach programu Erasmus Plus w sektorze Edukacja Szkolna. Jest on skierowany do uczni\u00f3w klas drugich i trzecich gimnazjum oraz nauczycieli. Projekt zatytu\u0142owany \u201eInnowacyjne metody nauczania przedmiot\u00f3w przyrodniczych\u201d b\u0119dzie [&hellip;]<\/p>\n","protected":false},"author":7,"featured_media":0,"parent":0,"menu_order":0,"comment_status":"closed","ping_status":"closed","template":"","meta":{"ngg_post_thumbnail":0},"_links":{"self":[{"href":"https:\/\/zs3.rybnik.pl\/www\/wp-json\/wp\/v2\/pages\/1584"}],"collection":[{"href":"https:\/\/zs3.rybnik.pl\/www\/wp-json\/wp\/v2\/pages"}],"about":[{"href":"https:\/\/zs3.rybnik.pl\/www\/wp-json\/wp\/v2\/types\/page"}],"author":[{"embeddable":true,"href":"https:\/\/zs3.rybnik.pl\/www\/wp-json\/wp\/v2\/users\/7"}],"replies":[{"embeddable":true,"href":"https:\/\/zs3.rybnik.pl\/www\/wp-json\/wp\/v2\/comments?post=1584"}],"version-history":[{"count":11,"href":"https:\/\/zs3.rybnik.pl\/www\/wp-json\/wp\/v2\/pages\/1584\/revisions"}],"predecessor-version":[{"id":2755,"href":"https:\/\/zs3.rybnik.pl\/www\/wp-json\/wp\/v2\/pages\/1584\/revisions\/2755"}],"wp:attachment":[{"href":"https:\/\/zs3.rybnik.pl\/www\/wp-json\/wp\/v2\/media?parent=1584"}],"curies":[{"name":"wp","href":"https:\/\/api.w.org\/{rel}","templated":true}]}}

Informacje ogólne o projekcie

<p style="text-align: justify;">Od 1 września 2017 roku nasza szkoła&nbsp; rozpocznie realizację dwuletniego projektu w ramach programu <strong>Erasmus Plus </strong>w sektorze Edukacja Szkolna. Jest on skierowany do uczniów klas drugich i trzecich gimnazjum oraz nauczycieli. Projekt zatytułowany <strong>„Innowacyjne metody nauczania przedmiotów przyrodniczych”</strong> będzie obejmował współpracę z hiszpańską szkołą&nbsp; La Salle La Estrella&nbsp; położoną w miasteczku San Asensio w samym sercu regionu La Rioja. Jest to niewielka szkoła prywatna o profilu ogólnokształcąco – zawodowym ukierunkowanym na uprawę winorośli i hodowlę zwierząt. Szkoła liczy 100 uczniów w wieku 12- 16 lat i zatrudnia 12 nauczycieli. <!--more--></p>
<p style="text-align: justify;"><u>Głównym celem projektu jest</u> stworzenie innowacyjnego programu nauczania przedmiotów przyrodniczych i poprzez jego wdrożenie poprawa wyników nauczania i&nbsp; wykształcenie wśród uczniów zdrowych nawyków żywieniowych,, w tym wpływu żywienia na zapobieganie chorobom nowotworowym. Wspólnie chcemy pokazać uczniom, w jaki sposób obliczyć bilans energetyczny dziennej dawki spożycia produktów, jak stworzyć zdrowy jadłospis zawierający wszystkie niezbędne elementy z uwzględnieniem nawyków żywieniowych Polski i Hiszpanii. Projekt ten pozwoli podnieść kompetencje uczniów naszych szkół z zakresu przedmiotów przyrodniczych oraz języków obcych, co zaowocuje lepszymi wynikami na egzaminach zewnętrznych. Wymiana uczniowska wzbogaci słownictwo, sprawi, że młodzież będzie miała kontakt z żywym językiem w codziennych sytuacjach, będzie miała okazję zaznajomić się z kulturą i zwyczajami krajów partnerskich. Celem projektu jest również poszerzenie umiejętności interpersonalnych, w tym pracy w zespole, zarządzania czasem, korzystania z różnorodnych technik informacyjnych.</p>
<p style="text-align: justify;">Działania projektowe obejmują również <u>tygodniowe wymiany uczniowskie,</u> dwie w Hiszpanii i dwie w Polsce. Pierwsza z nich to wyjazd 8 uczniów do szkoły hiszpańskiej w listopadzie 2017 roku.</p>
<p style="text-align: justify;">Wszyscy uczniowie mają równe szanse i mogą wziąć udział w rekrutacji, jaka zostanie przeprowadzona wśród chętnych przed wizytą. Szczegóły będą podane na zebraniach z rodzicami oraz zamieszczane na stronie internetowej szkoły i tablicach informacyjnych.</p>
<p style="text-align: justify;">Podczas rekrutacji będą brane pod uwagę następujące kryteria:</p>
<p style="text-align: justify;">&#8211; uczniowie muszą brać czynny udział w realizacji działań projektowych</p>
<p style="text-align: justify;">&#8211; uczniowie muszą wykazać się podstawową znajomością języka angielskiego, umożliwiającą codzienną komunikację</p>
<p style="text-align: justify;">&#8211; uczniowie powinni wykazywać zainteresowanie kulturą innego kraju i wykazywać gotowość do zintegrowania sie z nowym środowiskiem w kraju goszczącym&nbsp;</p>
<p style="text-align: justify;">&#8211; uczniowie powinni dążyć do rozwijania własnych umiejętności, być aktywnym i identyfikować sie z celami i zasadami programu, wykazywać chęć pracy w grupie</p>
<p style="text-align: justify;">&#8211; uczniowie powinni przestrzegać norm i zasad dobrego zachowania.</p>
<p style="text-align: justify;">Poszczególne kryteria rekrutacji będą sprawdzane w następujący sposób:</p>
<p style="text-align: justify;">&#8211; konkurs z j. angielskiego przeprowadzony na podstawie wcześniej przekazanych materiałów i przeprowadzony w formie ustnej,</p>
<p style="text-align: justify;">&#8211; konkurs wiedzy o Hiszpanii na podstawie materiałów dostarczonych przez szkołę partnerską i zaprezentowanych wcześniej uczniom,</p>
<p style="text-align: justify;">&#8211; zebranie opinii o uczniach od rodziców, wychowawców i pedagoga szkolnego</p>
<p style="text-align: justify;"><strong>Joanna Kozaczuk</strong></p>
<p style="text-align: justify;"><strong>Adrianna Pukowiec</strong></p>
<p style="text-align: justify;"><strong>Jagoda Kozieł</strong></p>
<p style="text-align: justify;"><img loading="lazy" class="alignnone size-medium wp-image-1604" src="https://zs3.rybnik.pl/www/wp-content/uploads/2018/01/estrella-300x220.jpg" alt="" width="300" height="220" srcset="https://zs3.rybnik.pl/www/wp-content/uploads/2018/01/estrella-300x220.jpg 300w, https://zs3.rybnik.pl/www/wp-content/uploads/2018/01/estrella-159x117.jpg 159w, https://zs3.rybnik.pl/www/wp-content/uploads/2018/01/estrella.jpg 575w" sizes="(max-width: 300px) 100vw, 300px" /><img loading="lazy" class="alignnone size-medium wp-image-1605" src="https://zs3.rybnik.pl/www/wp-content/uploads/2018/01/samasensio-300x182.jpg" alt="samasensio" width="300" height="182" srcset="https://zs3.rybnik.pl/www/wp-content/uploads/2018/01/samasensio-300x182.jpg 300w, https://zs3.rybnik.pl/www/wp-content/uploads/2018/01/samasensio-768x466.jpg 768w, https://zs3.rybnik.pl/www/wp-content/uploads/2018/01/samasensio-159x96.jpg 159w, https://zs3.rybnik.pl/www/wp-content/uploads/2018/01/samasensio.jpg 900w" sizes="(max-width: 300px) 100vw, 300px" /></p>
<p style="text-align: justify;"><span style="text-decoration: underline;"><div class='afi-document'><div class='afi-document-icon'><a href='https://zs3.rybnik.pl/www/wp-content/uploads/2018/01/Prezentacja-Erasmus_plus_2017.pdf'><img src='https://zs3.rybnik.pl/www/wp-content/plugins/attachment-file-icons/mime/pdf-icon.png'/></a></div><div class='afi-document-link'><a href="https://zs3.rybnik.pl/www/wp-content/uploads/2018/01/Prezentacja-Erasmus_plus_2017.pdf">Prezentacja&nbsp;</a></div></div><div class='afi-clear'></div></span></p>
<p style="text-align: justify;"><div class='afi-document'><div class='afi-document-icon'><a href='https://zs3.rybnik.pl/www/wp-content/uploads/2018/01/Program_Erasmus_plusulotka.pdf'><img src='https://zs3.rybnik.pl/www/wp-content/plugins/attachment-file-icons/mime/pdf-icon.png'/></a></div><div class='afi-document-link'><a href="https://zs3.rybnik.pl/www/wp-content/uploads/2018/01/Program_Erasmus_plusulotka.pdf">Ulotka </a></div></div><div class='afi-clear'></div></p>
<p style="text-align: justify;"><div class='afi-document'><div class='afi-document-icon'><a href='https://zs3.rybnik.pl/www/wp-content/uploads/2018/01/REGULAMIN_erasmus_plus.pdf'><img src='https://zs3.rybnik.pl/www/wp-content/plugins/attachment-file-icons/mime/pdf-icon.png'/></a></div><div class='afi-document-link'><a href="https://zs3.rybnik.pl/www/wp-content/uploads/2018/01/REGULAMIN_erasmus_plus.pdf">Regulamin </a></div></div><div class='afi-clear'></div></p>

<p>Od 1 września 2017 roku nasza szkoła&nbsp; rozpocznie realizację dwuletniego projektu w ramach programu Erasmus Plus w sektorze Edukacja Szkolna. Jest on skierowany do uczniów klas drugich i trzecich gimnazjum oraz nauczycieli. Projekt zatytułowany „Innowacyjne metody nauczania przedmiotów przyrodniczych” będzie [&hellip;]</p>
