{"id":2613,"date":"2018-02-05T21:21:25","date_gmt":"2018-02-05T20:21:25","guid":{"rendered":"http:\/\/zs3.rybnik.pl\/www\/?page_id=2613"},"modified":"2018-02-05T21:36:30","modified_gmt":"2018-02-05T20:36:30","slug":"wychowankowie-zs-nr-3-2","status":"publish","type":"page","link":"https:\/\/zs3.rybnik.pl\/www\/wychowankowie-zs-nr-3-2\/","title":{"rendered":"Wychowankowie ZS nr 3"},"content":{"rendered":"<p>W\u015br\u00f3d Naszych wychowank\u00f3w s\u0105 mi\u0119dzy innymi:<\/p>\n<p><img loading=\"lazy\" class=\"size-medium wp-image-2626 alignleft\" src=\"https:\/\/zs3.rybnik.pl\/www\/wp-content\/uploads\/2018\/02\/Buchalik_Michal-200x300.jpg\" alt=\"Buchalik_Michal\" width=\"200\" height=\"300\" srcset=\"https:\/\/zs3.rybnik.pl\/www\/wp-content\/uploads\/2018\/02\/Buchalik_Michal-200x300.jpg 200w, https:\/\/zs3.rybnik.pl\/www\/wp-content\/uploads\/2018\/02\/Buchalik_Michal-106x159.jpg 106w, https:\/\/zs3.rybnik.pl\/www\/wp-content\/uploads\/2018\/02\/Buchalik_Michal.jpg 250w\" sizes=\"(max-width: 200px) 100vw, 200px\" \/><br \/>\n<strong>Buchalik Micha\u0142<\/strong><\/p>\n<p>zawodnik takich klub\u00f3w jak:<\/p>\n<p>Energetyk ROW Rybnik, Odra Wodzis\u0142aw \u015al\u0105ski, Lechia Gda\u0144sk, Ruch Chorz\u00f3w, Wis\u0142a Krak\u00f3w.<\/p>\n<p>&nbsp;<\/p>\n<p>&nbsp;<\/p>\n<p>&nbsp;<\/p>\n<p>&nbsp;<\/p>\n<p>&nbsp;<\/p>\n<p><img loading=\"lazy\" class=\"size-medium wp-image-2632 alignleft\" src=\"https:\/\/zs3.rybnik.pl\/www\/wp-content\/uploads\/2018\/02\/Wodecki-Marcin-200x300.jpg\" alt=\"Wodecki Marcin\" width=\"200\" height=\"300\" srcset=\"https:\/\/zs3.rybnik.pl\/www\/wp-content\/uploads\/2018\/02\/Wodecki-Marcin.jpg 200w, https:\/\/zs3.rybnik.pl\/www\/wp-content\/uploads\/2018\/02\/Wodecki-Marcin-106x159.jpg 106w\" sizes=\"(max-width: 200px) 100vw, 200px\" \/><\/p>\n<p>&nbsp;<\/p>\n<p><strong>Wodecki Marcin<\/strong><\/p>\n<p>zawodnik takich&nbsp; klub\u00f3w jak:<\/p>\n<p>Energetyk ROW Rybnik, G\u00f3rnik Zabrze, Odra Wodzis\u0142aw \u015al\u0105ski, Podbeskidzie Bielsko Bia\u0142a, GKS Tychy, Legionovia Legionowo, Odra Opole.<\/p>\n<p>&nbsp;<\/p>\n<p>&nbsp;<\/p>\n<p>&nbsp;<\/p>\n<p>&nbsp;<\/p>\n<p>&nbsp;<\/p>\n<p><img loading=\"lazy\" class=\"wp-image-2629 alignleft\" src=\"https:\/\/zs3.rybnik.pl\/www\/wp-content\/uploads\/2018\/02\/Nowak-Gabriel-227x300.jpg\" alt=\"Nowak Gabriel\" width=\"200\" height=\"264\" srcset=\"https:\/\/zs3.rybnik.pl\/www\/wp-content\/uploads\/2018\/02\/Nowak-Gabriel-227x300.jpg 227w, https:\/\/zs3.rybnik.pl\/www\/wp-content\/uploads\/2018\/02\/Nowak-Gabriel-120x159.jpg 120w, https:\/\/zs3.rybnik.pl\/www\/wp-content\/uploads\/2018\/02\/Nowak-Gabriel.jpg 230w\" sizes=\"(max-width: 200px) 100vw, 200px\" \/><\/p>\n<p>&nbsp;<\/p>\n<p><strong>Nowak Gabriel<\/strong><\/p>\n<p>zawodnik takich klub\u00f3w jak:<\/p>\n<p>Energetyk ROW Rybnik, GKS Katowice, G\u00f3rnik Zabrze, Odra Opole.<\/p>\n<p>&nbsp;<\/p>\n<p>&nbsp;<\/p>\n<p>&nbsp;<\/p>\n<p>&nbsp;<\/p>\n<p>&nbsp;<\/p>\n<p><img loading=\"lazy\" class=\"wp-image-2627 alignleft\" src=\"https:\/\/zs3.rybnik.pl\/www\/wp-content\/uploads\/2018\/02\/Jary-Szymon-212x300.jpg\" alt=\"Jary Szymon\" width=\"202\" height=\"285\" srcset=\"https:\/\/zs3.rybnik.pl\/www\/wp-content\/uploads\/2018\/02\/Jary-Szymon-212x300.jpg 212w, https:\/\/zs3.rybnik.pl\/www\/wp-content\/uploads\/2018\/02\/Jary-Szymon-112x159.jpg 112w, https:\/\/zs3.rybnik.pl\/www\/wp-content\/uploads\/2018\/02\/Jary-Szymon.jpg 520w\" sizes=\"(max-width: 202px) 100vw, 202px\" \/><\/p>\n<p>&nbsp;<\/p>\n<p><strong>Jary Szymon<\/strong><\/p>\n<p>zawodnik takich klub\u00f3w jak:<\/p>\n<p>Energetyk ROW Rybnik, Odra Wodzis\u0142aw \u015al\u0105ski.<\/p>\n<p>&nbsp;<\/p>\n<p>&nbsp;<\/p>\n<p>&nbsp;<\/p>\n<p>&nbsp;<\/p>\n<p>&nbsp;<\/p>\n<p><img loading=\"lazy\" class=\"size-medium wp-image-2631 alignleft\" src=\"https:\/\/zs3.rybnik.pl\/www\/wp-content\/uploads\/2018\/02\/Slisz-Bartosz-200x300.jpg\" alt=\"Slisz Bartosz\" width=\"200\" height=\"300\" srcset=\"https:\/\/zs3.rybnik.pl\/www\/wp-content\/uploads\/2018\/02\/Slisz-Bartosz-200x300.jpg 200w, https:\/\/zs3.rybnik.pl\/www\/wp-content\/uploads\/2018\/02\/Slisz-Bartosz-106x159.jpg 106w, https:\/\/zs3.rybnik.pl\/www\/wp-content\/uploads\/2018\/02\/Slisz-Bartosz.jpg 330w\" sizes=\"(max-width: 200px) 100vw, 200px\" \/><\/p>\n<p>&nbsp;<\/p>\n<p><strong>Slisz Bartosz <\/strong><\/p>\n<p>zawodnik takich klub\u00f3w jak:<\/p>\n<p>ROW 1964 Rybnik, Zag\u0142\u0119bie Lubin.<\/p>\n<p>&nbsp;<\/p>\n<p>&nbsp;<\/p>\n<p>&nbsp;<\/p>\n<p>&nbsp;<\/p>\n<p>&nbsp;<\/p>\n<p>&nbsp;<\/p>\n<p><img loading=\"lazy\" class=\"size-full wp-image-2630 alignleft\" src=\"https:\/\/zs3.rybnik.pl\/www\/wp-content\/uploads\/2018\/02\/Procek-Patryk.jpg\" alt=\"Procek Patryk\" width=\"200\" height=\"267\" srcset=\"https:\/\/zs3.rybnik.pl\/www\/wp-content\/uploads\/2018\/02\/Procek-Patryk.jpg 200w, https:\/\/zs3.rybnik.pl\/www\/wp-content\/uploads\/2018\/02\/Procek-Patryk-119x159.jpg 119w\" sizes=\"(max-width: 200px) 100vw, 200px\" \/><\/p>\n<p>&nbsp;<\/p>\n<p><strong>Procek Patryk<\/strong><\/p>\n<p>zawodnik takich klub\u00f3w jak:<\/p>\n<p>G\u00f3rnik Zabrze, Nadwi\u015blan G\u00f3ra, Skra Cz\u0119stochowa, ROW 1964 Rybnik,<br \/>\nAS Ethinik\u00f3s Achnas.<\/p>\n<p>&nbsp;<\/p>\n<p>&nbsp;<\/p>\n<p>&nbsp;<\/p>\n<p>&nbsp;<\/p>\n<p><img loading=\"lazy\" class=\"size-medium wp-image-2628 alignleft\" src=\"https:\/\/zs3.rybnik.pl\/www\/wp-content\/uploads\/2018\/02\/Musiolik-Sebastian-203x300.jpg\" alt=\"Musiolik Sebastian\" width=\"203\" height=\"300\" srcset=\"https:\/\/zs3.rybnik.pl\/www\/wp-content\/uploads\/2018\/02\/Musiolik-Sebastian-203x300.jpg 203w, https:\/\/zs3.rybnik.pl\/www\/wp-content\/uploads\/2018\/02\/Musiolik-Sebastian-107x159.jpg 107w, https:\/\/zs3.rybnik.pl\/www\/wp-content\/uploads\/2018\/02\/Musiolik-Sebastian.jpg 300w\" sizes=\"(max-width: 203px) 100vw, 203px\" \/><\/p>\n<p>&nbsp;<\/p>\n<p><strong>Musiolik Sebastian<\/strong><\/p>\n<p>zawodnik takich klub\u00f3w jak:<\/p>\n<p>Energetyk ROW Rybnik, Piast Gliwice.<\/p>\n","protected":false},"excerpt":{"rendered":"<p>W\u015br\u00f3d Naszych wychowank\u00f3w s\u0105 mi\u0119dzy innymi: Buchalik Micha\u0142 zawodnik takich klub\u00f3w jak: Energetyk ROW Rybnik, Odra Wodzis\u0142aw \u015al\u0105ski, Lechia Gda\u0144sk, Ruch Chorz\u00f3w, Wis\u0142a Krak\u00f3w. &nbsp; &nbsp; &nbsp; &nbsp; &nbsp; &nbsp; Wodecki Marcin zawodnik takich&nbsp; klub\u00f3w jak: Energetyk ROW Rybnik, G\u00f3rnik [&hellip;]<\/p>\n","protected":false},"author":7,"featured_media":0,"parent":0,"menu_order":0,"comment_status":"closed","ping_status":"closed","template":"","meta":{"ngg_post_thumbnail":0},"_links":{"self":[{"href":"https:\/\/zs3.rybnik.pl\/www\/wp-json\/wp\/v2\/pages\/2613"}],"collection":[{"href":"https:\/\/zs3.rybnik.pl\/www\/wp-json\/wp\/v2\/pages"}],"about":[{"href":"https:\/\/zs3.rybnik.pl\/www\/wp-json\/wp\/v2\/types\/page"}],"author":[{"embeddable":true,"href":"https:\/\/zs3.rybnik.pl\/www\/wp-json\/wp\/v2\/users\/7"}],"replies":[{"embeddable":true,"href":"https:\/\/zs3.rybnik.pl\/www\/wp-json\/wp\/v2\/comments?post=2613"}],"version-history":[{"count":7,"href":"https:\/\/zs3.rybnik.pl\/www\/wp-json\/wp\/v2\/pages\/2613\/revisions"}],"predecessor-version":[{"id":2640,"href":"https:\/\/zs3.rybnik.pl\/www\/wp-json\/wp\/v2\/pages\/2613\/revisions\/2640"}],"wp:attachment":[{"href":"https:\/\/zs3.rybnik.pl\/www\/wp-json\/wp\/v2\/media?parent=2613"}],"curies":[{"name":"wp","href":"https:\/\/api.w.org\/{rel}","templated":true}]}}

<p>Wśród Naszych wychowanków są między innymi:</p>
<p><img loading="lazy" class="size-medium wp-image-2626 alignleft" src="https://zs3.rybnik.pl/www/wp-content/uploads/2018/02/Buchalik_Michal-200x300.jpg" alt="Buchalik_Michal" width="200" height="300" srcset="https://zs3.rybnik.pl/www/wp-content/uploads/2018/02/Buchalik_Michal-200x300.jpg 200w, https://zs3.rybnik.pl/www/wp-content/uploads/2018/02/Buchalik_Michal-106x159.jpg 106w, https://zs3.rybnik.pl/www/wp-content/uploads/2018/02/Buchalik_Michal.jpg 250w" sizes="(max-width: 200px) 100vw, 200px" /><br />
<strong>Buchalik Michał</strong></p>
<p>zawodnik takich klubów jak:</p>
<p>Energetyk ROW Rybnik, Odra Wodzisław Śląski, Lechia Gdańsk, Ruch Chorzów, Wisła Kraków.</p>
<p>&nbsp;</p>
<p>&nbsp;</p>
<p>&nbsp;</p>
<p>&nbsp;</p>
<p>&nbsp;</p>
<p><img loading="lazy" class="size-medium wp-image-2632 alignleft" src="https://zs3.rybnik.pl/www/wp-content/uploads/2018/02/Wodecki-Marcin-200x300.jpg" alt="Wodecki Marcin" width="200" height="300" srcset="https://zs3.rybnik.pl/www/wp-content/uploads/2018/02/Wodecki-Marcin.jpg 200w, https://zs3.rybnik.pl/www/wp-content/uploads/2018/02/Wodecki-Marcin-106x159.jpg 106w" sizes="(max-width: 200px) 100vw, 200px" /></p>
<p>&nbsp;</p>
<p><strong>Wodecki Marcin</strong></p>
<p>zawodnik takich&nbsp; klubów jak:</p>
<p>Energetyk ROW Rybnik, Górnik Zabrze, Odra Wodzisław Śląski, Podbeskidzie Bielsko Biała, GKS Tychy, Legionovia Legionowo, Odra Opole.</p>
<p>&nbsp;</p>
<p>&nbsp;</p>
<p>&nbsp;</p>
<p>&nbsp;</p>
<p>&nbsp;</p>
<p><img loading="lazy" class="wp-image-2629 alignleft" src="https://zs3.rybnik.pl/www/wp-content/uploads/2018/02/Nowak-Gabriel-227x300.jpg" alt="Nowak Gabriel" width="200" height="264" srcset="https://zs3.rybnik.pl/www/wp-content/uploads/2018/02/Nowak-Gabriel-227x300.jpg 227w, https://zs3.rybnik.pl/www/wp-content/uploads/2018/02/Nowak-Gabriel-120x159.jpg 120w, https://zs3.rybnik.pl/www/wp-content/uploads/2018/02/Nowak-Gabriel.jpg 230w" sizes="(max-width: 200px) 100vw, 200px" /></p>
<p>&nbsp;</p>
<p><strong>Nowak Gabriel</strong></p>
<p>zawodnik takich klubów jak:</p>
<p>Energetyk ROW Rybnik, GKS Katowice, Górnik Zabrze, Odra Opole.</p>
<p>&nbsp;</p>
<p>&nbsp;</p>
<p>&nbsp;</p>
<p>&nbsp;</p>
<p>&nbsp;</p>
<p><img loading="lazy" class="wp-image-2627 alignleft" src="https://zs3.rybnik.pl/www/wp-content/uploads/2018/02/Jary-Szymon-212x300.jpg" alt="Jary Szymon" width="202" height="285" srcset="https://zs3.rybnik.pl/www/wp-content/uploads/2018/02/Jary-Szymon-212x300.jpg 212w, https://zs3.rybnik.pl/www/wp-content/uploads/2018/02/Jary-Szymon-112x159.jpg 112w, https://zs3.rybnik.pl/www/wp-content/uploads/2018/02/Jary-Szymon.jpg 520w" sizes="(max-width: 202px) 100vw, 202px" /></p>
<p>&nbsp;</p>
<p><strong>Jary Szymon</strong></p>
<p>zawodnik takich klubów jak:</p>
<p>Energetyk ROW Rybnik, Odra Wodzisław Śląski.</p>
<p>&nbsp;</p>
<p>&nbsp;</p>
<p>&nbsp;</p>
<p>&nbsp;</p>
<p>&nbsp;</p>
<p><img loading="lazy" class="size-medium wp-image-2631 alignleft" src="https://zs3.rybnik.pl/www/wp-content/uploads/2018/02/Slisz-Bartosz-200x300.jpg" alt="Slisz Bartosz" width="200" height="300" srcset="https://zs3.rybnik.pl/www/wp-content/uploads/2018/02/Slisz-Bartosz-200x300.jpg 200w, https://zs3.rybnik.pl/www/wp-content/uploads/2018/02/Slisz-Bartosz-106x159.jpg 106w, https://zs3.rybnik.pl/www/wp-content/uploads/2018/02/Slisz-Bartosz.jpg 330w" sizes="(max-width: 200px) 100vw, 200px" /></p>
<p>&nbsp;</p>
<p><strong>Slisz Bartosz </strong></p>
<p>zawodnik takich klubów jak:</p>
<p>ROW 1964 Rybnik, Zagłębie Lubin.</p>
<p>&nbsp;</p>
<p>&nbsp;</p>
<p>&nbsp;</p>
<p>&nbsp;</p>
<p>&nbsp;</p>
<p>&nbsp;</p>
<p><img loading="lazy" class="size-full wp-image-2630 alignleft" src="https://zs3.rybnik.pl/www/wp-content/uploads/2018/02/Procek-Patryk.jpg" alt="Procek Patryk" width="200" height="267" srcset="https://zs3.rybnik.pl/www/wp-content/uploads/2018/02/Procek-Patryk.jpg 200w, https://zs3.rybnik.pl/www/wp-content/uploads/2018/02/Procek-Patryk-119x159.jpg 119w" sizes="(max-width: 200px) 100vw, 200px" /></p>
<p>&nbsp;</p>
<p><strong>Procek Patryk</strong></p>
<p>zawodnik takich klubów jak:</p>
<p>Górnik Zabrze, Nadwiślan Góra, Skra Częstochowa, ROW 1964 Rybnik,<br />
AS Ethinikós Achnas.</p>
<p>&nbsp;</p>
<p>&nbsp;</p>
<p>&nbsp;</p>
<p>&nbsp;</p>
<p><img loading="lazy" class="size-medium wp-image-2628 alignleft" src="https://zs3.rybnik.pl/www/wp-content/uploads/2018/02/Musiolik-Sebastian-203x300.jpg" alt="Musiolik Sebastian" width="203" height="300" srcset="https://zs3.rybnik.pl/www/wp-content/uploads/2018/02/Musiolik-Sebastian-203x300.jpg 203w, https://zs3.rybnik.pl/www/wp-content/uploads/2018/02/Musiolik-Sebastian-107x159.jpg 107w, https://zs3.rybnik.pl/www/wp-content/uploads/2018/02/Musiolik-Sebastian.jpg 300w" sizes="(max-width: 203px) 100vw, 203px" /></p>
<p>&nbsp;</p>
<p><strong>Musiolik Sebastian</strong></p>
<p>zawodnik takich klubów jak:</p>
<p>Energetyk ROW Rybnik, Piast Gliwice.</p>

<p>Wśród Naszych wychowanków są między innymi: Buchalik Michał zawodnik takich klubów jak: Energetyk ROW Rybnik, Odra Wodzisław Śląski, Lechia Gdańsk, Ruch Chorzów, Wisła Kraków. &nbsp; &nbsp; &nbsp; &nbsp; &nbsp; &nbsp; Wodecki Marcin zawodnik takich&nbsp; klubów jak: Energetyk ROW Rybnik, Górnik [&hellip;]</p>
