{"id":2745,"date":"2018-02-20T14:11:38","date_gmt":"2018-02-20T13:11:38","guid":{"rendered":"http:\/\/zs3.rybnik.pl\/www\/?page_id=2745"},"modified":"2023-01-24T23:38:13","modified_gmt":"2023-01-24T22:38:13","slug":"oferta-edukacyjna-20182019","status":"publish","type":"page","link":"https:\/\/zs3.rybnik.pl\/www\/oferta-edukacyjna-20182019\/","title":{"rendered":"Oferta edukacyjna 2023\/2024"},"content":{"rendered":"<p style=\"text-align: justify;\">Z dniem 1 wrze\u015bnia 2018 roku przy akceptacji Prezydenta Miasta oraz z inicjatywy Kejza Team, RMKS Rybnik i RKP ROW Rybnik&nbsp;w&nbsp;Szkole Podstawowej nr 31 Mistrzostwa Sportowego w&nbsp;Rybniku zosta\u0142a utworzona <strong>interdyscyplinarna klasa sportowa<\/strong>. Maj\u0105c na wzgl\u0119dzie regionalne tradycje sportowe, baz\u0119 i&nbsp;zaplecze szkoleniowe, a&nbsp;przede wszystkim trosk\u0119 o&nbsp;wszechstronny rozw\u00f3j psychofizyczny i&nbsp;motoryczny m\u0142odego pokolenia zdecydowali\u015bmy, i\u017c dyscyplinami obj\u0119tymi programem szkoleniowym b\u0119d\u0105: <strong>judo, lekkoatletyka <\/strong>oraz<strong> pi\u0142ka no\u017cna.<\/strong><\/p>\n<p style=\"text-align: justify;\">Ukierunkowany program szkolenia sportowego, ma na celu ujawnienie predyspozycji i&nbsp;uzdolnie\u0144 uczni\u00f3w w&nbsp;wy\u017cej wymienionych dyscyplinach sportu. Ustalono tygodniowy <strong>dziesi\u0119ciogodzinny<\/strong> wymiar zaj\u0119\u0107 wychowania fizycznego. W&nbsp;ramach tych godzin realizowana b\u0119dzie podstawa programowa <strong>(3godz.\/tydz.),<\/strong> przewidziana w&nbsp;ramowym planie nauczania dla klasy 1 szko\u0142y podstawowej i&nbsp;r\u00f3wnolegle wdra\u017cany b\u0119dzie program szkolenia sportowego <strong>(7godz.\/tydz. = 2godz. judo + 2godz. lekkoatletyka + 2godz. pi\u0142ka no\u017cna + 1godz. rytmika).<\/strong><\/p>\n<p style=\"text-align: justify;\">Zesp\u00f3\u0142 Szk\u00f3\u0142 od wielu lat bra\u0142 na siebie odpowiedzialno\u015b\u0107 prowadzenia klas sportowych na poziomie gimnazjalnym, ponadgimnazjalnym, a&nbsp;od dw\u00f3ch lat tak\u017ce na poziomie szko\u0142y podstawowej oraz ponadpodstawowej. Tworzymy uzdolnionej m\u0142odzie\u017cy w\u0142a\u015bciwe warunki do rozwijania swoich talent\u00f3w i&nbsp;pasji, a tak\u017ce zdobywania wiedzy i&nbsp;umiej\u0119tno\u015bci niezb\u0119dnych do podj\u0119cia dalszej nauki. Bardzo dobre wyniki dydaktyczne uczni\u00f3w klas sportowych, ich pierwsze sukcesy sportowe i&nbsp;pozytywna wsp\u00f3\u0142praca z&nbsp;Rodzicami potwierdzaj\u0105, i\u017c podj\u0119ta inicjatywa przek\u0142ada si\u0119 na realne korzy\u015bci dla naszych uczni\u00f3w.<\/p>\n<p style=\"text-align: justify;\"><strong><em>Zapraszamy Uczni\u00f3w i ich Rodzic\u00f3w do zapoznania si\u0119 z nasz\u0105 ofert\u0105 edukacyjn\u0105.<\/em><\/strong><\/p>\n<p style=\"text-align: justify;\">Szko\u0142a dysponuje odpowiedni\u0105 baz\u0105 treningow\u0105 i&nbsp;wysokiej klasy sprz\u0119tem sportowym.<\/p>\n<p style=\"text-align: justify;\">Dyrekcja szko\u0142y i&nbsp;kadra pedagogiczna stworzy uczniom klasy sportowej najlepsze warunki umo\u017cliwiaj\u0105ce \u0142\u0105czenie zaj\u0119\u0107 sportowych z&nbsp;realizacj\u0105 zaj\u0119\u0107 dydaktycznych. Oferujemy:<\/p>\n<ul style=\"text-align: justify;\">\n<li>wykwalifikowan\u0105 i&nbsp;do\u015bwiadczon\u0105 kadr\u0119 pedagogiczn\u0105,<\/li>\n<li>mo\u017cliwo\u015b\u0107 wyboru dodatkowych zaj\u0119\u0107 edukacyjnych,<\/li>\n<li>nauk\u0119 j\u0119zyka obcego,<\/li>\n<li>odpowiedni\u0105 baz\u0119 treningow\u0105,<\/li>\n<li>udzia\u0142 w systemie wsp\u00f3\u0142zawodnictwa sportowego (zawody miejskie, wojew\u00f3dzkie, og\u00f3lnopolskie),<\/li>\n<li>organizacj\u0119 zgrupowa\u0144, oboz\u00f3w kondycyjnych i rekreacyjno-sportowych,<\/li>\n<\/ul>\n<p style=\"text-align: justify;\">Nie jeste\u015bmy w&nbsp;stanie zagwarantowa\u0107 medali igrzysk olimpijskich ani te\u017c tytu\u0142\u00f3w mistrzowskich, ale ho\u0142duj\u0105c maksymie \u201cW zdrowym ciele zdrowy duch\u201d zapewniamy <strong>harmonijny rozw\u00f3j<\/strong> osobowo\u015bci m\u0142odego cz\u0142owieka. Stwarzamy mo\u017cliwo\u015bci kszta\u0142towania zdolno\u015bci intelektualnych oraz talent\u00f3w sportowych. Budzimy ducha czystej sportowej rywalizacji. Atmosfera i&nbsp;dobra zabawa to nasze atuty.<\/p>\n<p style=\"text-align: justify;\">Postaw na sport! Daj nam szans\u0119!<\/p>\n","protected":false},"excerpt":{"rendered":"<p>Z dniem 1 wrze\u015bnia 2018 roku przy akceptacji Prezydenta Miasta oraz z inicjatywy Kejza Team, RMKS Rybnik i RKP ROW Rybnik&nbsp;w&nbsp;Szkole Podstawowej nr 31 Mistrzostwa Sportowego w&nbsp;Rybniku zosta\u0142a utworzona interdyscyplinarna klasa sportowa. Maj\u0105c na wzgl\u0119dzie regionalne tradycje sportowe, baz\u0119 i&nbsp;zaplecze [&hellip;]<\/p>\n","protected":false},"author":2,"featured_media":0,"parent":0,"menu_order":0,"comment_status":"closed","ping_status":"closed","template":"","meta":{"ngg_post_thumbnail":0},"_links":{"self":[{"href":"https:\/\/zs3.rybnik.pl\/www\/wp-json\/wp\/v2\/pages\/2745"}],"collection":[{"href":"https:\/\/zs3.rybnik.pl\/www\/wp-json\/wp\/v2\/pages"}],"about":[{"href":"https:\/\/zs3.rybnik.pl\/www\/wp-json\/wp\/v2\/types\/page"}],"author":[{"embeddable":true,"href":"https:\/\/zs3.rybnik.pl\/www\/wp-json\/wp\/v2\/users\/2"}],"replies":[{"embeddable":true,"href":"https:\/\/zs3.rybnik.pl\/www\/wp-json\/wp\/v2\/comments?post=2745"}],"version-history":[{"count":10,"href":"https:\/\/zs3.rybnik.pl\/www\/wp-json\/wp\/v2\/pages\/2745\/revisions"}],"predecessor-version":[{"id":13938,"href":"https:\/\/zs3.rybnik.pl\/www\/wp-json\/wp\/v2\/pages\/2745\/revisions\/13938"}],"wp:attachment":[{"href":"https:\/\/zs3.rybnik.pl\/www\/wp-json\/wp\/v2\/media?parent=2745"}],"curies":[{"name":"wp","href":"https:\/\/api.w.org\/{rel}","templated":true}]}}