{"id":58,"date":"2016-06-12T10:59:59","date_gmt":"2016-06-12T08:59:59","guid":{"rendered":"http:\/\/zs3.rybnik.pl\/www\/?page_id=58"},"modified":"2025-09-02T10:27:53","modified_gmt":"2025-09-02T08:27:53","slug":"terminarz","status":"publish","type":"page","link":"https:\/\/zs3.rybnik.pl\/www\/dla-rodzicow\/terminarz\/","title":{"rendered":"Terminarz"},"content":{"rendered":"\n<div class=\"wp-block-file\"><div class='afi-document'><div class='afi-document-icon'><a href='https:\/\/zs3.rybnik.pl\/www\/wp-content\/uploads\/2025\/09\/Harmonogram-spotkan-z-rodzicami-w-roku-szkolnym-2025.2026.pdf'><img src='https:\/\/zs3.rybnik.pl\/www\/wp-content\/plugins\/attachment-file-icons\/mime\/pdf-icon.png'\/><\/a><\/div><div class='afi-document-link'><a href=\"https:\/\/zs3.rybnik.pl\/www\/wp-content\/uploads\/2025\/09\/Harmonogram-spotkan-z-rodzicami-w-roku-szkolnym-2025.2026.pdf\" target=\"_blank\" rel=\"noreferrer noopener\">Harmonogram spotka\u0144 z rodzicami w roku szkolnym 2025\/2026<\/a><\/div><\/div><div class='afi-clear'><\/div><\/div>\n\n\n\n<div class=\"wp-block-file\"><div class='afi-document'><div class='afi-document-icon'><a href='https:\/\/zs3.rybnik.pl\/www\/wp-content\/uploads\/2025\/09\/Harmonogram-oceniania-w-roku-szkolnym-2025.2026.pdf'><img src='https:\/\/zs3.rybnik.pl\/www\/wp-content\/plugins\/attachment-file-icons\/mime\/pdf-icon.png'\/><\/a><\/div><div class='afi-document-link'><a href=\"https:\/\/zs3.rybnik.pl\/www\/wp-content\/uploads\/2025\/09\/Harmonogram-oceniania-w-roku-szkolnym-2025.2026.pdf\" target=\"_blank\" rel=\"noreferrer noopener\">Harmonogram oceniania w roku szkolnym 2025\/2026<\/a><\/div><\/div><div class='afi-clear'><\/div><\/div>\n\n\n<p>&nbsp;<\/p>\n<p><div class='afi-document'><div class='afi-document-icon'><a href='https:\/\/zs3.rybnik.pl\/www\/wp-content\/uploads\/2021\/09\/rozklad-zajec-lekcyjnych-i-przerw.pdf'><img src='https:\/\/zs3.rybnik.pl\/www\/wp-content\/plugins\/attachment-file-icons\/mime\/pdf-icon.png'\/><\/a><\/div><div class='afi-document-link'><a href=\"https:\/\/zs3.rybnik.pl\/www\/wp-content\/uploads\/2021\/09\/rozklad-zajec-lekcyjnych-i-przerw.pdf\" target=\"_blank\" rel=\"noopener\">Rozk\u0142ad zaj\u0119\u0107 lekcyjnych i przerw w ZS nr 3<\/a><\/div><\/div><div class='afi-clear'><\/div><\/p>\n\n\n<p><\/p>\n","protected":false},"excerpt":{"rendered":"<p>&nbsp; Rozk\u0142ad zaj\u0119\u0107 lekcyjnych i przerw w ZS nr 3<\/p>\n","protected":false},"author":1,"featured_media":0,"parent":56,"menu_order":0,"comment_status":"closed","ping_status":"closed","template":"","meta":{"ngg_post_thumbnail":0},"_links":{"self":[{"href":"https:\/\/zs3.rybnik.pl\/www\/wp-json\/wp\/v2\/pages\/58"}],"collection":[{"href":"https:\/\/zs3.rybnik.pl\/www\/wp-json\/wp\/v2\/pages"}],"about":[{"href":"https:\/\/zs3.rybnik.pl\/www\/wp-json\/wp\/v2\/types\/page"}],"author":[{"embeddable":true,"href":"https:\/\/zs3.rybnik.pl\/www\/wp-json\/wp\/v2\/users\/1"}],"replies":[{"embeddable":true,"href":"https:\/\/zs3.rybnik.pl\/www\/wp-json\/wp\/v2\/comments?post=58"}],"version-history":[{"count":15,"href":"https:\/\/zs3.rybnik.pl\/www\/wp-json\/wp\/v2\/pages\/58\/revisions"}],"predecessor-version":[{"id":19184,"href":"https:\/\/zs3.rybnik.pl\/www\/wp-json\/wp\/v2\/pages\/58\/revisions\/19184"}],"up":[{"embeddable":true,"href":"https:\/\/zs3.rybnik.pl\/www\/wp-json\/wp\/v2\/pages\/56"}],"wp:attachment":[{"href":"https:\/\/zs3.rybnik.pl\/www\/wp-json\/wp\/v2\/media?parent=58"}],"curies":[{"name":"wp","href":"https:\/\/api.w.org\/{rel}","templated":true}]}}

<div class="wp-block-file"><div class='afi-document'><div class='afi-document-icon'><a href='https://zs3.rybnik.pl/www/wp-content/uploads/2025/09/Harmonogram-spotkan-z-rodzicami-w-roku-szkolnym-2025.2026.pdf'><img src='https://zs3.rybnik.pl/www/wp-content/plugins/attachment-file-icons/mime/pdf-icon.png'/></a></div><div class='afi-document-link'><a href="https://zs3.rybnik.pl/www/wp-content/uploads/2025/09/Harmonogram-spotkan-z-rodzicami-w-roku-szkolnym-2025.2026.pdf" target="_blank" rel="noreferrer noopener">Harmonogram spotkań z rodzicami w roku szkolnym 2025/2026</a></div></div><div class='afi-clear'></div></div>



<div class="wp-block-file"><div class='afi-document'><div class='afi-document-icon'><a href='https://zs3.rybnik.pl/www/wp-content/uploads/2025/09/Harmonogram-oceniania-w-roku-szkolnym-2025.2026.pdf'><img src='https://zs3.rybnik.pl/www/wp-content/plugins/attachment-file-icons/mime/pdf-icon.png'/></a></div><div class='afi-document-link'><a href="https://zs3.rybnik.pl/www/wp-content/uploads/2025/09/Harmonogram-oceniania-w-roku-szkolnym-2025.2026.pdf" target="_blank" rel="noreferrer noopener">Harmonogram oceniania w roku szkolnym 2025/2026</a></div></div><div class='afi-clear'></div></div>


<p>&nbsp;</p>
<p><div class='afi-document'><div class='afi-document-icon'><a href='https://zs3.rybnik.pl/www/wp-content/uploads/2021/09/rozklad-zajec-lekcyjnych-i-przerw.pdf'><img src='https://zs3.rybnik.pl/www/wp-content/plugins/attachment-file-icons/mime/pdf-icon.png'/></a></div><div class='afi-document-link'><a href="https://zs3.rybnik.pl/www/wp-content/uploads/2021/09/rozklad-zajec-lekcyjnych-i-przerw.pdf" target="_blank" rel="noopener">Rozkład zajęć lekcyjnych i przerw w ZS nr 3</a></div></div><div class='afi-clear'></div></p>


<p></p>

<p>&nbsp; Rozkład zajęć lekcyjnych i przerw w ZS nr 3</p>
