{"id":6548,"date":"2019-02-27T14:14:56","date_gmt":"2019-02-27T13:14:56","guid":{"rendered":"http:\/\/zs3.rybnik.pl\/www\/?page_id=6548"},"modified":"2026-03-11T18:40:51","modified_gmt":"2026-03-11T17:40:51","slug":"dla-uczniow-sp","status":"publish","type":"page","link":"https:\/\/zs3.rybnik.pl\/www\/dla-uczniow-sp\/","title":{"rendered":"Regulamin"},"content":{"rendered":"\n<div class=\"wp-block-file\"><div class='afi-document'><div class='afi-document-icon'><a href='https:\/\/zs3.rybnik.pl\/www\/wp-content\/uploads\/2026\/03\/Regulamin-rekrutacji-2026.pdf'><img src='https:\/\/zs3.rybnik.pl\/www\/wp-content\/plugins\/attachment-file-icons\/mime\/pdf-icon.png'\/><\/a><\/div><div class='afi-document-link'><a href=\"https:\/\/zs3.rybnik.pl\/www\/wp-content\/uploads\/2026\/03\/Regulamin-rekrutacji-2026.pdf\" target=\"_blank\" rel=\"noreferrer noopener\">Regulamin rekrutacji na rok szkolny 2026\/2027<\/a><\/div><\/div><div class='afi-clear'><\/div><\/div>\n\n\n\n<div class=\"wp-block-file\"><div class='afi-document'><div class='afi-document-icon'><a href='https:\/\/zs3.rybnik.pl\/www\/wp-content\/uploads\/2025\/03\/Zgoda-na-oddzial-integracyjny.pdf'><img src='https:\/\/zs3.rybnik.pl\/www\/wp-content\/plugins\/attachment-file-icons\/mime\/pdf-icon.png'\/><\/a><\/div><div class='afi-document-link'><a href=\"https:\/\/zs3.rybnik.pl\/www\/wp-content\/uploads\/2025\/03\/Zgoda-na-oddzial-integracyjny.pdf\" target=\"_blank\" rel=\"noreferrer noopener\">Zgoda na ucz\u0119szczanie do oddzia\u0142u integracyjnego<\/a><\/div><\/div><div class='afi-clear'><\/div><\/div>\n\n\n\n<div class=\"wp-block-file\"><div class='afi-document'><div class='afi-document-icon'><a href='https:\/\/zs3.rybnik.pl\/www\/wp-content\/uploads\/2025\/03\/Zgoda-na-oddzial-przygotowania-wojskowego-na-strone.pdf'><img src='https:\/\/zs3.rybnik.pl\/www\/wp-content\/plugins\/attachment-file-icons\/mime\/pdf-icon.png'\/><\/a><\/div><div class='afi-document-link'><a href=\"https:\/\/zs3.rybnik.pl\/www\/wp-content\/uploads\/2025\/03\/Zgoda-na-oddzial-przygotowania-wojskowego-na-strone.pdf\" target=\"_blank\" rel=\"noreferrer noopener\">Zgoda na ucz\u0119szczanie do oddzia\u0142u przygotowania wojskowego<\/a><\/div><\/div><div class='afi-clear'><\/div><\/div>\n\n\n\n<div class=\"wp-block-file\"><div class='afi-document'><div class='afi-document-icon'><a href='https:\/\/zs3.rybnik.pl\/www\/wp-content\/uploads\/2025\/03\/Zgoda-na-oddzial-sportowy-na-strone.pdf'><img src='https:\/\/zs3.rybnik.pl\/www\/wp-content\/plugins\/attachment-file-icons\/mime\/pdf-icon.png'\/><\/a><\/div><div class='afi-document-link'><a href=\"https:\/\/zs3.rybnik.pl\/www\/wp-content\/uploads\/2025\/03\/Zgoda-na-oddzial-sportowy-na-strone.pdf\" target=\"_blank\" rel=\"noreferrer noopener\">Zgoda na ucz\u0119szczanie do klasy sportowej<\/a><\/div><\/div><div class='afi-clear'><\/div><\/div>\n\n\n\n<div class=\"wp-block-file\"><div class='afi-document'><div class='afi-document-icon'><a href='https:\/\/zs3.rybnik.pl\/www\/wp-content\/uploads\/2025\/03\/zgoda-na-proby-sprawnosciowe.pdf'><img src='https:\/\/zs3.rybnik.pl\/www\/wp-content\/plugins\/attachment-file-icons\/mime\/pdf-icon.png'\/><\/a><\/div><div class='afi-document-link'><a href=\"https:\/\/zs3.rybnik.pl\/www\/wp-content\/uploads\/2025\/03\/zgoda-na-proby-sprawnosciowe.pdf\" target=\"_blank\" rel=\"noreferrer noopener\">Zgoda rodzica\/opiekuna prawnego na udzia\u0142 w pr\u00f3bie sprawno\u015bci fizycznej<\/a><\/div><\/div><div class='afi-clear'><\/div><\/div>\n\n\n\n<p><\/p>\n","protected":false},"excerpt":{"rendered":"","protected":false},"author":2,"featured_media":0,"parent":0,"menu_order":0,"comment_status":"closed","ping_status":"closed","template":"","meta":{"ngg_post_thumbnail":0},"_links":{"self":[{"href":"https:\/\/zs3.rybnik.pl\/www\/wp-json\/wp\/v2\/pages\/6548"}],"collection":[{"href":"https:\/\/zs3.rybnik.pl\/www\/wp-json\/wp\/v2\/pages"}],"about":[{"href":"https:\/\/zs3.rybnik.pl\/www\/wp-json\/wp\/v2\/types\/page"}],"author":[{"embeddable":true,"href":"https:\/\/zs3.rybnik.pl\/www\/wp-json\/wp\/v2\/users\/2"}],"replies":[{"embeddable":true,"href":"https:\/\/zs3.rybnik.pl\/www\/wp-json\/wp\/v2\/comments?post=6548"}],"version-history":[{"count":53,"href":"https:\/\/zs3.rybnik.pl\/www\/wp-json\/wp\/v2\/pages\/6548\/revisions"}],"predecessor-version":[{"id":19911,"href":"https:\/\/zs3.rybnik.pl\/www\/wp-json\/wp\/v2\/pages\/6548\/revisions\/19911"}],"wp:attachment":[{"href":"https:\/\/zs3.rybnik.pl\/www\/wp-json\/wp\/v2\/media?parent=6548"}],"curies":[{"name":"wp","href":"https:\/\/api.w.org\/{rel}","templated":true}]}}