{"id":8844,"date":"2019-11-08T22:40:57","date_gmt":"2019-11-08T21:40:57","guid":{"rendered":"http:\/\/zs3.rybnik.pl\/www\/?page_id=8844"},"modified":"2021-06-24T11:01:43","modified_gmt":"2021-06-24T09:01:43","slug":"informacje-ogolne","status":"publish","type":"page","link":"https:\/\/zs3.rybnik.pl\/www\/informacje-ogolne\/","title":{"rendered":"Informacje dla rodzic\u00f3w"},"content":{"rendered":"<p><div class='afi-document'><div class='afi-document-icon'><a href='https:\/\/zs3.rybnik.pl\/www\/wp-content\/uploads\/2021\/06\/WYPRAWKA-DLA-UCZNIA-KLASY-PIERWSZEJ-2021_2022.pdf'><img src='https:\/\/zs3.rybnik.pl\/www\/wp-content\/plugins\/attachment-file-icons\/mime\/pdf-icon.png'\/><\/a><\/div><div class='afi-document-link'><a href=\"https:\/\/zs3.rybnik.pl\/www\/wp-content\/uploads\/2021\/06\/WYPRAWKA-DLA-UCZNIA-KLASY-PIERWSZEJ-2021_2022.pdf\" target=\"_blank\" rel=\"noopener\">Wyprawka dla ucznia klasy pierwszej na rok szkolny 2021\/2022<\/a><\/div><\/div><div class='afi-clear'><\/div><\/p>\n<p><div class='afi-document'><div class='afi-document-icon'><a href='https:\/\/zs3.rybnik.pl\/www\/wp-content\/uploads\/2021\/06\/KARTA-ZGLOSZENIA-DZIECKA-DO-SWIETLICY-SZKOLNEJ-NA-ROK-SZKOLNY-2021_2022.pdf'><img src='https:\/\/zs3.rybnik.pl\/www\/wp-content\/plugins\/attachment-file-icons\/mime\/pdf-icon.png'\/><\/a><\/div><div class='afi-document-link'><a href=\"https:\/\/zs3.rybnik.pl\/www\/wp-content\/uploads\/2021\/06\/KARTA-ZGLOSZENIA-DZIECKA-DO-SWIETLICY-SZKOLNEJ-NA-ROK-SZKOLNY-2021_2022.pdf\" target=\"_blank\" rel=\"noopener\">KARTA ZG\u0141OSZENIA DZIECKA DO \u015aWIETLICY SZKOLNEJ NA ROK SZKOLNY 2021_2022<\/a><\/div><\/div><div class='afi-clear'><\/div><\/p>\n<p><div class='afi-document'><div class='afi-document-icon'><a href='https:\/\/zs3.rybnik.pl\/www\/wp-content\/uploads\/2018\/08\/Regulamin-korzystania-ze-\u015bwietlicy-szkolnej-w-ZS-nr-3-w-Rybniku.pdf'><img src='https:\/\/zs3.rybnik.pl\/www\/wp-content\/plugins\/attachment-file-icons\/mime\/pdf-icon.png'\/><\/a><\/div><div class='afi-document-link'><a href=\"https:\/\/zs3.rybnik.pl\/www\/wp-content\/uploads\/2018\/08\/Regulamin-korzystania-ze-\u015bwietlicy-szkolnej-w-ZS-nr-3-w-Rybniku.pdf\" target=\"_blank\" rel=\"noopener\">Regulamin korzystania ze \u015bwietlicy szkolnej w ZS nr 3 w Rybniku<\/a><\/div><\/div><div class='afi-clear'><\/div><\/p>\n","protected":false},"excerpt":{"rendered":"<p>Wyprawka dla ucznia klasy pierwszej na rok szkolny 2021\/2022 KARTA ZG\u0141OSZENIA DZIECKA DO \u015aWIETLICY SZKOLNEJ NA ROK SZKOLNY 2021_2022 Regulamin korzystania ze \u015bwietlicy szkolnej w ZS nr 3 w Rybniku<\/p>\n","protected":false},"author":7,"featured_media":0,"parent":0,"menu_order":0,"comment_status":"closed","ping_status":"closed","template":"","meta":{"ngg_post_thumbnail":0},"_links":{"self":[{"href":"https:\/\/zs3.rybnik.pl\/www\/wp-json\/wp\/v2\/pages\/8844"}],"collection":[{"href":"https:\/\/zs3.rybnik.pl\/www\/wp-json\/wp\/v2\/pages"}],"about":[{"href":"https:\/\/zs3.rybnik.pl\/www\/wp-json\/wp\/v2\/types\/page"}],"author":[{"embeddable":true,"href":"https:\/\/zs3.rybnik.pl\/www\/wp-json\/wp\/v2\/users\/7"}],"replies":[{"embeddable":true,"href":"https:\/\/zs3.rybnik.pl\/www\/wp-json\/wp\/v2\/comments?post=8844"}],"version-history":[{"count":5,"href":"https:\/\/zs3.rybnik.pl\/www\/wp-json\/wp\/v2\/pages\/8844\/revisions"}],"predecessor-version":[{"id":11946,"href":"https:\/\/zs3.rybnik.pl\/www\/wp-json\/wp\/v2\/pages\/8844\/revisions\/11946"}],"wp:attachment":[{"href":"https:\/\/zs3.rybnik.pl\/www\/wp-json\/wp\/v2\/media?parent=8844"}],"curies":[{"name":"wp","href":"https:\/\/api.w.org\/{rel}","templated":true}]}}