{"id":931,"date":"2017-03-13T08:17:48","date_gmt":"2017-03-13T07:17:48","guid":{"rendered":"http:\/\/zs3.rybnik.pl\/www\/?page_id=931"},"modified":"2025-09-04T17:20:59","modified_gmt":"2025-09-04T15:20:59","slug":"pedagodzy","status":"publish","type":"page","link":"https:\/\/zs3.rybnik.pl\/www\/pedagodzy\/","title":{"rendered":"Pedagodzy szkolni"},"content":{"rendered":"\n<div class=\"wp-block-image\"><figure class=\"aligncenter size-full\"><img loading=\"lazy\" width=\"557\" height=\"484\" src=\"https:\/\/zs3.rybnik.pl\/www\/wp-content\/uploads\/2025\/09\/np8.jpg\" alt=\"\" class=\"wp-image-19207\" srcset=\"https:\/\/zs3.rybnik.pl\/www\/wp-content\/uploads\/2025\/09\/np8.jpg 557w, https:\/\/zs3.rybnik.pl\/www\/wp-content\/uploads\/2025\/09\/np8-300x261.jpg 300w, https:\/\/zs3.rybnik.pl\/www\/wp-content\/uploads\/2025\/09\/np8-159x138.jpg 159w\" sizes=\"(max-width: 557px) 100vw, 557px\" \/><\/figure><\/div>\n\n\n<p>PRZED WIZYT\u0104 RODZIC\u00d3W\/OPIEKUN\u00d3W PRAWNYCH U PEDAGOGA SZKOLNEGO PROSIMY O WCZE\u015aNIEJSZY KONTAKT TELEFONICZNY <br>W CELU UZGODNIENIA TERMINU SPOTKANIA.<\/p>\n<p style=\"text-align: justify;\">Pani Nadia Pogodzi\u0144ska sprawuje opiek\u0119 nad uczniami we wszystkich klasach szko\u0142y podstawowej oraz w wybranych klasach&nbsp; liceum: 1C, 1D, 3C, 3F, 3G, 3H, 3I, 4F, 4G, 4H.<\/p>\n<p style=\"text-align: justify;\"><strong>mgr Nadia Pogodzi\u0144ska<\/strong> \u2013 absolwentka Uniwersytetu Pedagogicznego w Krakowie na kierunku pedagogika rewalidacyjna ze specjalno\u015bci\u0105 pedagogika terapeutyczna. Uzyska\u0142a dodatkowe kwalifikacje na studiach podyplomowych z oligofrenopedagogiki,&nbsp; wczesnego&nbsp; i ca\u0142o\u017cyciowego&nbsp; wspomagania rozwoju i edukacji oraz rewalidacji uczni\u00f3w z autyzmem i Zespo\u0142em Aspergera, a tak\u017ce na kursie kwalifikacyjnym z terapii pedagogicznej. Uczestniczy\u0142a w licznych kursach i szkoleniach dotycz\u0105cych specjalnych potrzeb edukacyjnych.&nbsp; Od 2010 r. pracuje z dzie\u0107mi i m\u0142odzie\u017c\u0105 niepe\u0142nosprawn\u0105, prowadz\u0105c zaj\u0119cia rewalidacyjne, zaj\u0119cia korekcyjno-kompensacyjne oraz zaj\u0119cia z zakresu terapii behawioralnej.<\/p>\n\n\n<div class=\"wp-block-image\"><figure class=\"aligncenter size-full is-resized\"><img loading=\"lazy\" src=\"https:\/\/zs3.rybnik.pl\/www\/wp-content\/uploads\/2025\/09\/ar.jpg\" alt=\"\" class=\"wp-image-19209\" width=\"562\" height=\"430\" srcset=\"https:\/\/zs3.rybnik.pl\/www\/wp-content\/uploads\/2025\/09\/ar.jpg 635w, https:\/\/zs3.rybnik.pl\/www\/wp-content\/uploads\/2025\/09\/ar-300x229.jpg 300w, https:\/\/zs3.rybnik.pl\/www\/wp-content\/uploads\/2025\/09\/ar-159x121.jpg 159w\" sizes=\"(max-width: 562px) 100vw, 562px\" \/><\/figure><\/div>\n\n\n\n<p>PRZED WIZYT\u0104 RODZIC\u00d3W\/OPIEKUN\u00d3W PRAWNYCH U PEDAGOGA SZKOLNEGO PROSIMY O WCZE\u015aNIEJSZY KONTAKT TELEFONICZNY W CELU UZGODNIENIA TERMINU SPOTKANIA.<\/p>\n\n\n\n<p>Pani Anna Rusnarczyk sprawuje opiek\u0119 nad uczniami w wybranych&nbsp; klasach liceum: 1A, 1B, 1E, 1F, 1G, 1H, 2A, 2B, 2C, 3A, 3B, 3D, 3E, 4A, 4B, 4C, 4D, 4E.<\/p>\n\n\n\n<p><strong>Anna Rusnarczyk<\/strong> &#8211;&nbsp; absolwentka Uniwersytetu \u015al\u0105skiego w Cieszynie na kierunku pedagogika ze specjalno\u015bci\u0105 praca socjalna i opieku\u0144czo-wychowawcza. Uzyska\u0142a dodatkowe kwalifikacje na studiach podyplomowych z edukacji i rewalidacji uczni\u00f3w z autyzmem\/zespo\u0142em Aspergera, a tak\u017ce na kursie kwalifikacyjnym z oligofrenopedagogiki. Uko\u0144czy\u0142a szkolenie z EEG Biofeedback I stopnia. Ustawicznie podnosi swoje kwalifikacje na r\u00f3\u017cnego typu kursach i szkoleniach. &nbsp;Jest szczeg\u00f3lnie zaanga\u017cowana w opiek\u0119 nad uczniami o specjalnych potrzebach edukacyjnych.<\/p>\n\n\n\n<p><strong>ZAPRASZAMY DO WSP\u00d3\u0141PRACY ZAWSZE WTEDY, GDY:<\/strong><\/p>\n\n\n\n<ul><li>pojawiaj\u0105 si\u0119 trudno\u015bci w nauce Waszego dziecka;<\/li><li>pojawiaj\u0105 si\u0119 trudno\u015bci wychowawcze;<\/li><li>potrzebuj\u0105 Pa\u0144stwo rozmowy\/ rady\/ wsparcia;<\/li><li>znale\u017ali si\u0119 Pa\u0144stwo w trudnej\/ kryzysowej sytuacji i nie wiedz\u0105 gdzie uda\u0107 si\u0119 po pomoc;<\/li><li>znale\u017ali si\u0119 Pa\u0144stwo w trudnej sytuacji materialnej;<\/li><li>macie Pa\u0144stwo ciekawe pomys\u0142y dotycz\u0105ce naszej wsp\u00f3\u0142pracy i pracy szko\u0142y;<\/li><li>chcecie si\u0119 podzieli\u0107 sukcesem\/ rado\u015bci\u0105 \ud83d\ude09<\/li><\/ul>\n","protected":false},"excerpt":{"rendered":"<p>PRZED WIZYT\u0104 RODZIC\u00d3W\/OPIEKUN\u00d3W PRAWNYCH U PEDAGOGA SZKOLNEGO PROSIMY O WCZE\u015aNIEJSZY KONTAKT TELEFONICZNY W CELU UZGODNIENIA TERMINU SPOTKANIA. Pani Nadia Pogodzi\u0144ska sprawuje opiek\u0119 nad uczniami we wszystkich klasach szko\u0142y podstawowej oraz w wybranych klasach&nbsp; liceum: 1C, 1D, 3C, 3F, 3G, 3H, [&hellip;]<\/p>\n","protected":false},"author":1,"featured_media":0,"parent":0,"menu_order":0,"comment_status":"closed","ping_status":"closed","template":"","meta":{"ngg_post_thumbnail":0},"_links":{"self":[{"href":"https:\/\/zs3.rybnik.pl\/www\/wp-json\/wp\/v2\/pages\/931"}],"collection":[{"href":"https:\/\/zs3.rybnik.pl\/www\/wp-json\/wp\/v2\/pages"}],"about":[{"href":"https:\/\/zs3.rybnik.pl\/www\/wp-json\/wp\/v2\/types\/page"}],"author":[{"embeddable":true,"href":"https:\/\/zs3.rybnik.pl\/www\/wp-json\/wp\/v2\/users\/1"}],"replies":[{"embeddable":true,"href":"https:\/\/zs3.rybnik.pl\/www\/wp-json\/wp\/v2\/comments?post=931"}],"version-history":[{"count":35,"href":"https:\/\/zs3.rybnik.pl\/www\/wp-json\/wp\/v2\/pages\/931\/revisions"}],"predecessor-version":[{"id":19210,"href":"https:\/\/zs3.rybnik.pl\/www\/wp-json\/wp\/v2\/pages\/931\/revisions\/19210"}],"wp:attachment":[{"href":"https:\/\/zs3.rybnik.pl\/www\/wp-json\/wp\/v2\/media?parent=931"}],"curies":[{"name":"wp","href":"https:\/\/api.w.org\/{rel}","templated":true}]}}