{"id":996,"date":"2017-03-15T21:39:05","date_gmt":"2017-03-15T20:39:05","guid":{"rendered":"http:\/\/zs3.rybnik.pl\/www\/?page_id=996"},"modified":"2025-04-22T22:21:49","modified_gmt":"2025-04-22T20:21:49","slug":"wydarzenia-projekty","status":"publish","type":"page","link":"https:\/\/zs3.rybnik.pl\/www\/wydarzenia-projekty\/","title":{"rendered":"Wydarzenia, projekty"},"content":{"rendered":"\n<p><a href=\"https:\/\/zs3.rybnik.pl\/www\/relacja-z-dnia-czytania-dziel-literatury-dla-klas-1-3-sp\/\" target=\"_blank\" rel=\"noreferrer noopener\">Relacja z Dnia Czytania Literatury dla klas 1 &#8211; 3 (2025)<\/a><\/p>\n\n\n\n<p><a rel=\"noreferrer noopener\" href=\"https:\/\/zs3.rybnik.pl\/www\/dzien-czytania-dziel-literatury\/\" target=\"_blank\">Dzie\u0144 Czytania Dzie\u0142 Literatury 2025<\/a><\/p>\n\n\n<div class=\"ngg-albumoverview\">\n            <div class=\"ngg-album-compact\">\n            <div class=\"ngg-album-compactbox\">\n                <div class=\"ngg-album-link\">\n                                        <a title='Klasy 1a i 1b Gimnazjum czytaj\u0105 &quot;Dziady&quot; Adama Mickiewicza'\n                       href='https:\/\/zs3.rybnik.pl\/www\/wydarzenia-projekty\/nggallery\/biblioteka-i-czytelnia\/Klasy-1a-i-1b-Gimnazjum-czytaj\u0105-Dziady-Adama-Mickiewicza'>\n                        <img class=\"Thumb\"\n                             alt=\"Klasy 1a i 1b Gimnazjum czytaj\u0105 &quot;Dziady&quot; Adama Mickiewicza\"\n                             src=\"https:\/\/zs3.rybnik.pl\/www\/wp-content\/gallery\/klasy-1a-i-1b-gimnazjum-czytaja-dziady-adama-mickiewicza\/cache\/20161117_075639.jpg-nggid03243-ngg0dyn-91x68-00f0w010c011r110f110r010t010.jpg\"\/>\n                    <\/a>\n                                    <\/div>\n            <\/div>\n                        <h4>\n                <a class='ngg-album-desc' title='Klasy 1a i 1b Gimnazjum czytaj\u0105 &quot;Dziady&quot; Adama Mickiewicza'\n                       href='https:\/\/zs3.rybnik.pl\/www\/wydarzenia-projekty\/nggallery\/biblioteka-i-czytelnia\/Klasy-1a-i-1b-Gimnazjum-czytaj\u0105-Dziady-Adama-Mickiewicza'style=\"max-width: 111px\">Klasy 1a i 1b Gimnazjum czytaj\u0105 \"Dziady\" Adama Mickiewicza<\/a>\n            <\/h4>\n            <p class=\"ngg-album-gallery-image-counter\">\n                                    <strong>3<\/strong>&nbsp;Zdj\u0119\u0107                            <\/p>\n        <\/div>\n            <div class=\"ngg-album-compact\">\n            <div class=\"ngg-album-compactbox\">\n                <div class=\"ngg-album-link\">\n                                        <a title='Klasa IB LO czyta i poleca'\n                       href='https:\/\/zs3.rybnik.pl\/www\/wydarzenia-projekty\/nggallery\/biblioteka-i-czytelnia\/Klasa-IB-LO-czyta-i-poleca'>\n                        <img class=\"Thumb\"\n                             alt=\"Klasa IB LO czyta i poleca\"\n                             src=\"https:\/\/zs3.rybnik.pl\/www\/wp-content\/gallery\/klasa-ib-lo-czyta-i-poleca\/cache\/B%C3%B3g-nigdy-nie-mruga-R.-Brett_Zosta%C5%84-je%C5%9Bli-kochasz-G.-Forman.jpg-nggid03246-ngg0dyn-91x68-00f0w010c011r110f110r010t010.jpg\"\/>\n                    <\/a>\n                                    <\/div>\n            <\/div>\n                        <h4>\n                <a class='ngg-album-desc' title='Klasa IB LO czyta i poleca'\n                       href='https:\/\/zs3.rybnik.pl\/www\/wydarzenia-projekty\/nggallery\/biblioteka-i-czytelnia\/Klasa-IB-LO-czyta-i-poleca'style=\"max-width: 111px\">Klasa IB LO czyta i poleca<\/a>\n            <\/h4>\n            <p class=\"ngg-album-gallery-image-counter\">\n                                    <strong>7<\/strong>&nbsp;Zdj\u0119\u0107                            <\/p>\n        <\/div>\n            <div class=\"ngg-album-compact\">\n            <div class=\"ngg-album-compactbox\">\n                <div class=\"ngg-album-link\">\n                                        <a title='Dzie\u0144 Czytania Dziel Literatury'\n                       href='https:\/\/zs3.rybnik.pl\/www\/wydarzenia-projekty\/nggallery\/biblioteka-i-czytelnia\/Dzie\u0144-Czytania-Dziel-Literatury'>\n                        <img class=\"Thumb\"\n                             alt=\"Dzie\u0144 Czytania Dziel Literatury\"\n                             src=\"https:\/\/zs3.rybnik.pl\/www\/wp-content\/gallery\/dzien-czytania-dziel-literatury\/cache\/IMG_4717.JPG-nggid03258-ngg0dyn-91x68-00f0w010c011r110f110r010t010.JPG\"\/>\n                    <\/a>\n                                    <\/div>\n            <\/div>\n                        <h4>\n                <a class='ngg-album-desc' title='Dzie\u0144 Czytania Dziel Literatury'\n                       href='https:\/\/zs3.rybnik.pl\/www\/wydarzenia-projekty\/nggallery\/biblioteka-i-czytelnia\/Dzie\u0144-Czytania-Dziel-Literatury'style=\"max-width: 111px\">Dzie\u0144 Czytania Dziel Literatury<\/a>\n            <\/h4>\n            <p class=\"ngg-album-gallery-image-counter\">\n                                    <strong>60<\/strong>&nbsp;Zdj\u0119\u0107                            <\/p>\n        <\/div>\n            <div class=\"ngg-album-compact\">\n            <div class=\"ngg-album-compactbox\">\n                <div class=\"ngg-album-link\">\n                                        <a title='Zwyci\u0119zcy konkurs\u00f3w promuj\u0105cych czytelnictwo'\n                       href='https:\/\/zs3.rybnik.pl\/www\/wydarzenia-projekty\/nggallery\/biblioteka-i-czytelnia\/Zwyci\u0119zcy-konkurs\u00f3w-promuj\u0105cych-czytelnictwo'>\n                        <img class=\"Thumb\"\n                             alt=\"Zwyci\u0119zcy konkurs\u00f3w promuj\u0105cych czytelnictwo\"\n                             src=\"https:\/\/zs3.rybnik.pl\/www\/wp-content\/gallery\/zwyciezcy-konkursow-promujacych-czytelnictwo\/cache\/IMG_5459.JPG-nggid03253-ngg0dyn-91x68-00f0w010c011r110f110r010t010.JPG\"\/>\n                    <\/a>\n                                    <\/div>\n            <\/div>\n                        <h4>\n                <a class='ngg-album-desc' title='Zwyci\u0119zcy konkurs\u00f3w promuj\u0105cych czytelnictwo'\n                       href='https:\/\/zs3.rybnik.pl\/www\/wydarzenia-projekty\/nggallery\/biblioteka-i-czytelnia\/Zwyci\u0119zcy-konkurs\u00f3w-promuj\u0105cych-czytelnictwo'style=\"max-width: 111px\">Zwyci\u0119zcy konkurs\u00f3w promuj\u0105cych czytelnictwo<\/a>\n            <\/h4>\n            <p class=\"ngg-album-gallery-image-counter\">\n                                    <strong>5<\/strong>&nbsp;Zdj\u0119\u0107                            <\/p>\n        <\/div>\n            <div class=\"ngg-album-compact\">\n            <div class=\"ngg-album-compactbox\">\n                <div class=\"ngg-album-link\">\n                                        <a title='SLEEVEFACE - Ubierz si\u0119 w ksi\u0105\u017ck\u0119'\n                       href='https:\/\/zs3.rybnik.pl\/www\/wydarzenia-projekty\/nggallery\/biblioteka-i-czytelnia\/SLEEVEFACE---Ubierz-si\u0119-w-ksi\u0105\u017ck\u0119'>\n                        <img class=\"Thumb\"\n                             alt=\"SLEEVEFACE - Ubierz si\u0119 w ksi\u0105\u017ck\u0119\"\n                             src=\"https:\/\/zs3.rybnik.pl\/www\/wp-content\/gallery\/sleeveface-ubierz-sie-w-ksiazke\/cache\/15540898_1276266409096187_2285052476275130564_o.jpg-nggid03318-ngg0dyn-91x68-00f0w010c011r110f110r010t010.jpg\"\/>\n                    <\/a>\n                                    <\/div>\n            <\/div>\n                        <h4>\n                <a class='ngg-album-desc' title='SLEEVEFACE - Ubierz si\u0119 w ksi\u0105\u017ck\u0119'\n                       href='https:\/\/zs3.rybnik.pl\/www\/wydarzenia-projekty\/nggallery\/biblioteka-i-czytelnia\/SLEEVEFACE---Ubierz-si\u0119-w-ksi\u0105\u017ck\u0119'style=\"max-width: 111px\">SLEEVEFACE - Ubierz si\u0119 w ksi\u0105\u017ck\u0119<\/a>\n            <\/h4>\n            <p class=\"ngg-album-gallery-image-counter\">\n                                    <strong>8<\/strong>&nbsp;Zdj\u0119\u0107                            <\/p>\n        <\/div>\n        <br class=\"ngg-clear\"\/>\n    <div class='ngg-clear'><\/div><\/div>\n","protected":false},"excerpt":{"rendered":"<p>Relacja z Dnia Czytania Literatury dla klas 1 &#8211; 3 (2025) Dzie\u0144 Czytania Dzie\u0142 Literatury 2025<\/p>\n","protected":false},"author":1,"featured_media":0,"parent":0,"menu_order":0,"comment_status":"closed","ping_status":"closed","template":"","meta":{"ngg_post_thumbnail":0},"_links":{"self":[{"href":"https:\/\/zs3.rybnik.pl\/www\/wp-json\/wp\/v2\/pages\/996"}],"collection":[{"href":"https:\/\/zs3.rybnik.pl\/www\/wp-json\/wp\/v2\/pages"}],"about":[{"href":"https:\/\/zs3.rybnik.pl\/www\/wp-json\/wp\/v2\/types\/page"}],"author":[{"embeddable":true,"href":"https:\/\/zs3.rybnik.pl\/www\/wp-json\/wp\/v2\/users\/1"}],"replies":[{"embeddable":true,"href":"https:\/\/zs3.rybnik.pl\/www\/wp-json\/wp\/v2\/comments?post=996"}],"version-history":[{"count":4,"href":"https:\/\/zs3.rybnik.pl\/www\/wp-json\/wp\/v2\/pages\/996\/revisions"}],"predecessor-version":[{"id":18697,"href":"https:\/\/zs3.rybnik.pl\/www\/wp-json\/wp\/v2\/pages\/996\/revisions\/18697"}],"wp:attachment":[{"href":"https:\/\/zs3.rybnik.pl\/www\/wp-json\/wp\/v2\/media?parent=996"}],"curies":[{"name":"wp","href":"https:\/\/api.w.org\/{rel}","templated":true}]}}

<p><a href="https://zs3.rybnik.pl/www/relacja-z-dnia-czytania-dziel-literatury-dla-klas-1-3-sp/" target="_blank" rel="noreferrer noopener">Relacja z Dnia Czytania Literatury dla klas 1 &#8211; 3 (2025)</a></p>



<p><a rel="noreferrer noopener" href="https://zs3.rybnik.pl/www/dzien-czytania-dziel-literatury/" target="_blank">Dzień Czytania Dzieł Literatury 2025</a></p>


<div class="ngg-albumoverview">
            <div class="ngg-album-compact">
            <div class="ngg-album-compactbox">
                <div class="ngg-album-link">
                                        <a title='Klasy 1a i 1b Gimnazjum czytają &quot;Dziady&quot; Adama Mickiewicza'
                       href='https://zs3.rybnik.pl/www/wydarzenia-projekty/nggallery/biblioteka-i-czytelnia/Klasy-1a-i-1b-Gimnazjum-czytają-Dziady-Adama-Mickiewicza'>
                        <img class="Thumb"
                             alt="Klasy 1a i 1b Gimnazjum czytają &quot;Dziady&quot; Adama Mickiewicza"
                             src="https://zs3.rybnik.pl/www/wp-content/gallery/klasy-1a-i-1b-gimnazjum-czytaja-dziady-adama-mickiewicza/cache/20161117_075639.jpg-nggid03243-ngg0dyn-91x68-00f0w010c011r110f110r010t010.jpg"/>
                    </a>
                                    </div>
            </div>
                        <h4>
                <a class='ngg-album-desc' title='Klasy 1a i 1b Gimnazjum czytają &quot;Dziady&quot; Adama Mickiewicza'
                       href='https://zs3.rybnik.pl/www/wydarzenia-projekty/nggallery/biblioteka-i-czytelnia/Klasy-1a-i-1b-Gimnazjum-czytają-Dziady-Adama-Mickiewicza'style="max-width: 111px">Klasy 1a i 1b Gimnazjum czytają "Dziady" Adama Mickiewicza</a>
            </h4>
            <p class="ngg-album-gallery-image-counter">
                                    <strong>3</strong>&nbsp;Zdjęć                            </p>
        </div>
            <div class="ngg-album-compact">
            <div class="ngg-album-compactbox">
                <div class="ngg-album-link">
                                        <a title='Klasa IB LO czyta i poleca'
                       href='https://zs3.rybnik.pl/www/wydarzenia-projekty/nggallery/biblioteka-i-czytelnia/Klasa-IB-LO-czyta-i-poleca'>
                        <img class="Thumb"
                             alt="Klasa IB LO czyta i poleca"
                             src="https://zs3.rybnik.pl/www/wp-content/gallery/klasa-ib-lo-czyta-i-poleca/cache/B%C3%B3g-nigdy-nie-mruga-R.-Brett_Zosta%C5%84-je%C5%9Bli-kochasz-G.-Forman.jpg-nggid03246-ngg0dyn-91x68-00f0w010c011r110f110r010t010.jpg"/>
                    </a>
                                    </div>
            </div>
                        <h4>
                <a class='ngg-album-desc' title='Klasa IB LO czyta i poleca'
                       href='https://zs3.rybnik.pl/www/wydarzenia-projekty/nggallery/biblioteka-i-czytelnia/Klasa-IB-LO-czyta-i-poleca'style="max-width: 111px">Klasa IB LO czyta i poleca</a>
            </h4>
            <p class="ngg-album-gallery-image-counter">
                                    <strong>7</strong>&nbsp;Zdjęć                            </p>
        </div>
            <div class="ngg-album-compact">
            <div class="ngg-album-compactbox">
                <div class="ngg-album-link">
                                        <a title='Dzień Czytania Dziel Literatury'
                       href='https://zs3.rybnik.pl/www/wydarzenia-projekty/nggallery/biblioteka-i-czytelnia/Dzień-Czytania-Dziel-Literatury'>
                        <img class="Thumb"
                             alt="Dzień Czytania Dziel Literatury"
                             src="https://zs3.rybnik.pl/www/wp-content/gallery/dzien-czytania-dziel-literatury/cache/IMG_4717.JPG-nggid03258-ngg0dyn-91x68-00f0w010c011r110f110r010t010.JPG"/>
                    </a>
                                    </div>
            </div>
                        <h4>
                <a class='ngg-album-desc' title='Dzień Czytania Dziel Literatury'
                       href='https://zs3.rybnik.pl/www/wydarzenia-projekty/nggallery/biblioteka-i-czytelnia/Dzień-Czytania-Dziel-Literatury'style="max-width: 111px">Dzień Czytania Dziel Literatury</a>
            </h4>
            <p class="ngg-album-gallery-image-counter">
                                    <strong>60</strong>&nbsp;Zdjęć                            </p>
        </div>
            <div class="ngg-album-compact">
            <div class="ngg-album-compactbox">
                <div class="ngg-album-link">
                                        <a title='Zwycięzcy konkursów promujących czytelnictwo'
                       href='https://zs3.rybnik.pl/www/wydarzenia-projekty/nggallery/biblioteka-i-czytelnia/Zwycięzcy-konkursów-promujących-czytelnictwo'>
                        <img class="Thumb"
                             alt="Zwycięzcy konkursów promujących czytelnictwo"
                             src="https://zs3.rybnik.pl/www/wp-content/gallery/zwyciezcy-konkursow-promujacych-czytelnictwo/cache/IMG_5459.JPG-nggid03253-ngg0dyn-91x68-00f0w010c011r110f110r010t010.JPG"/>
                    </a>
                                    </div>
            </div>
                        <h4>
                <a class='ngg-album-desc' title='Zwycięzcy konkursów promujących czytelnictwo'
                       href='https://zs3.rybnik.pl/www/wydarzenia-projekty/nggallery/biblioteka-i-czytelnia/Zwycięzcy-konkursów-promujących-czytelnictwo'style="max-width: 111px">Zwycięzcy konkursów promujących czytelnictwo</a>
            </h4>
            <p class="ngg-album-gallery-image-counter">
                                    <strong>5</strong>&nbsp;Zdjęć                            </p>
        </div>
            <div class="ngg-album-compact">
            <div class="ngg-album-compactbox">
                <div class="ngg-album-link">
                                        <a title='SLEEVEFACE - Ubierz się w książkę'
                       href='https://zs3.rybnik.pl/www/wydarzenia-projekty/nggallery/biblioteka-i-czytelnia/SLEEVEFACE---Ubierz-się-w-książkę'>
                        <img class="Thumb"
                             alt="SLEEVEFACE - Ubierz się w książkę"
                             src="https://zs3.rybnik.pl/www/wp-content/gallery/sleeveface-ubierz-sie-w-ksiazke/cache/15540898_1276266409096187_2285052476275130564_o.jpg-nggid03318-ngg0dyn-91x68-00f0w010c011r110f110r010t010.jpg"/>
                    </a>
                                    </div>
            </div>
                        <h4>
                <a class='ngg-album-desc' title='SLEEVEFACE - Ubierz się w książkę'
                       href='https://zs3.rybnik.pl/www/wydarzenia-projekty/nggallery/biblioteka-i-czytelnia/SLEEVEFACE---Ubierz-się-w-książkę'style="max-width: 111px">SLEEVEFACE - Ubierz się w książkę</a>
            </h4>
            <p class="ngg-album-gallery-image-counter">
                                    <strong>8</strong>&nbsp;Zdjęć                            </p>
        </div>
        <br class="ngg-clear"/>
    <div class='ngg-clear'></div></div>

<p>Relacja z Dnia Czytania Literatury dla klas 1 &#8211; 3 (2025) Dzień Czytania Dzieł Literatury 2025</p>
